{"id":992,"date":"2023-01-10T22:28:49","date_gmt":"2023-01-10T22:28:49","guid":{"rendered":"https:\/\/holosofia.com.br\/?page_id=992"},"modified":"2023-01-10T22:29:41","modified_gmt":"2023-01-10T22:29:41","slug":"holocoluna-0025","status":"publish","type":"page","link":"https:\/\/holosofia.com.br\/?page_id=992","title":{"rendered":"Holocoluna &#8211; 0025"},"content":{"rendered":"<h2>25 \u2013 ORA\u00c7\u00c3O<\/h2>\n<h3 style=\"text-align: right;\">Publicado em 28.10.06<\/h3>\n<h3><\/h3>\n<h3>A ora\u00e7\u00e3o \u00e9 uma s\u00faplica religiosa, uma prece, uma reza.<\/h3>\n<h3>O ser humano se vale da ora\u00e7\u00e3o para estabelecer uma liga\u00e7\u00e3o ou re-liga\u00e7\u00e3o com Deus e seres supra-humanos (beatificados ou n\u00e3o), especialmente quando se encontram em apuros, mas tamb\u00e9m para pedirem prote\u00e7\u00e3o contra todos os males. Isto faz do homem um ser intimamente m\u00edstico, consciente ou inconscientemente.<\/h3>\n<h3>Contudo, conv\u00e9m assinalar dois aspectos, no m\u00ednimo, curiosos: primeiro, as ora\u00e7\u00f5es, quase todas, s\u00e3o aprendidas, portanto, impessoais; segundo, o orador simplesmente repete o conte\u00fado das ora\u00e7\u00f5es de forma autom\u00e1tica e inconsciente, isto \u00e9, sem qualquer comprometimento pessoal com aquilo que est\u00e1 rezando.<\/h3>\n<h3>Logo, conclui-se que grande parte das ora\u00e7\u00f5es deve ter a sua validade prejudicada, pois al\u00e9m da falta de autenticidade n\u00e3o implica qualquer compromisso do orador.<\/h3>\n<h3>Esta observa\u00e7\u00e3o talvez venha revelar a maneira como as pessoas se relacionam umas com as outras no plano humano e, por esta raz\u00e3o, estejamos vivendo momentos de pouco cr\u00e9dito naquilo que ouvimos e naquilo que falamos.<\/h3>\n<h3>Por isso, pareceria mais sensato a pessoa desenvolver a pr\u00e1tica da comunica\u00e7\u00e3o pessoal continuada, amig\u00e1vel e desinteressada e com responsabilidade junto aos pertencentes ao Plano Superior.<\/h3>\n<h3>Assim, manter-se-ia aberto um canal onde a qualquer momento pudessem fluir, naturalmente, mensagens de apelo ou de intercess\u00e3o na solu\u00e7\u00e3o espec\u00edfica dos problemas ou na prote\u00e7\u00e3o contra os males terrenos, descaracterizando o ato repetitivo de mendic\u00e2ncia do ingrato e indiferente que s\u00f3 sabe pedir.<\/h3>\n<h3>Para o indiv\u00edduo desenvolver o bom h\u00e1bito de ser aut\u00eantico e de se comprometer com aquilo que fala necessita praticar exerc\u00edcios regulares nessa dire\u00e7\u00e3o, n\u00e3o importando se com seus semelhantes ou com Deus e os seres supra-humanos, pois, na pr\u00e1tica, os planos s\u00e3o equivalentes no que diz respeito \u00e0 psicologia comportamental. O que se pratica aqui se repete ali, e vice-versa.<\/h3>\n<h3>Por outro lado, a ora\u00e7\u00e3o \u00e9 a mais valiosa ferramenta utilizada pelo homem na alimenta\u00e7\u00e3o das suas esperan\u00e7as enquanto passageiro deste planeta e no conv\u00edvio com seus irm\u00e3os. A ora\u00e7\u00e3o \u00e9 a ponte entre o orador e a entidade Superior sintonizada. Portanto, que esta liga\u00e7\u00e3o se fa\u00e7a de forma verdadeiramente respeitosa e com profunda responsabilidade.<\/h3>\n<h3>Vale lembrar que a ora\u00e7\u00e3o guarda consigo uma caracter\u00edstica pr\u00f3pria de altru\u00edsmo, o que significa dizer o quanto importante se torna extinguir o ego\u00edsmo nas rela\u00e7\u00f5es interpessoais, nos diferentes ambientes, tais como familiar, profissional e social.<\/h3>\n<h3>Com a observ\u00e2ncia dos detalhes acima, conclui-se que a ora\u00e7\u00e3o torna-se frut\u00edfera na medida em que o orador seja realmente merecedor, considerando-se que a justi\u00e7a no Plano Superior \u00e9 irretoc\u00e1vel e inating\u00edvel pelo ser terreno.<\/h3>\n<h3>\u00c9 com esta compreens\u00e3o que a Holosofia reconhece a ora\u00e7\u00e3o como um infal\u00edvel agente terap\u00eautico para os grandes males da humanidade, dentre os quais a car\u00eancia afetiva, o rebaixamento da auto-estima, a depend\u00eancia das drogas, a depress\u00e3o, a desagrega\u00e7\u00e3o familiar, o fracasso profissional e o suic\u00eddio. Mas, a ora\u00e7\u00e3o tamb\u00e9m se constitui numa inestim\u00e1vel medida preventiva, ou seja, numa milagrosa vacina contra os males causadores das grandes desgra\u00e7as sociais. Fa\u00e7a a sua reflex\u00e3o!<\/h3>\n","protected":false},"excerpt":{"rendered":"<p>25 \u2013 ORA\u00c7\u00c3O Publicado em 28.10.06 A ora\u00e7\u00e3o \u00e9 uma s\u00faplica religiosa, uma prece, uma reza. O ser humano se vale da ora\u00e7\u00e3o para estabelecer uma liga\u00e7\u00e3o ou re-liga\u00e7\u00e3o com Deus e seres supra-humanos (beatificados ou n\u00e3o), especialmente quando se encontram em apuros, mas tamb\u00e9m para pedirem prote\u00e7\u00e3o contra todos os males. Isto faz do &hellip;<\/p>\n<p class=\"read-more\"> <a class=\"\" href=\"https:\/\/holosofia.com.br\/?page_id=992\"> <span class=\"screen-reader-text\">Holocoluna &#8211; 0025<\/span> Leia mais &raquo;<\/a><\/p>\n","protected":false},"author":1,"featured_media":0,"parent":0,"menu_order":0,"comment_status":"closed","ping_status":"closed","template":"","meta":{"_bbp_topic_count":0,"_bbp_reply_count":0,"_bbp_total_topic_count":0,"_bbp_total_reply_count":0,"_bbp_voice_count":0,"_bbp_anonymous_reply_count":0,"_bbp_topic_count_hidden":0,"_bbp_reply_count_hidden":0,"_bbp_forum_subforum_count":0,"om_disable_all_campaigns":false,"_uag_custom_page_level_css":"","_mi_skip_tracking":false,"_monsterinsights_sitenote_active":false,"_monsterinsights_sitenote_note":"","_monsterinsights_sitenote_category":0,"site-sidebar-layout":"default","site-content-layout":"default","ast-global-header-display":"","ast-main-header-display":"","ast-hfb-above-header-display":"","ast-hfb-below-header-display":"","ast-hfb-mobile-header-display":"","site-post-title":"","ast-breadcrumbs-content":"","ast-featured-img":"","footer-sml-layout":"","theme-transparent-header-meta":"default","adv-header-id-meta":"","stick-header-meta":"","header-above-stick-meta":"","header-main-stick-meta":"","header-below-stick-meta":"","footnotes":""},"class_list":["post-992","page","type-page","status-publish","hentry"],"aioseo_notices":[],"uagb_featured_image_src":{"full":false,"thumbnail":false,"medium":false,"medium_large":false,"large":false,"post-slider-thumb-size":false,"1536x1536":false,"2048x2048":false},"uagb_author_info":{"display_name":"solucaopublicidades@hotmail.com","author_link":"https:\/\/holosofia.com.br\/?author=1"},"uagb_comment_info":0,"uagb_excerpt":"25 \u2013 ORA\u00c7\u00c3O Publicado em 28.10.06 A ora\u00e7\u00e3o \u00e9 uma s\u00faplica religiosa, uma prece, uma reza. O ser humano se vale da ora\u00e7\u00e3o para estabelecer uma liga\u00e7\u00e3o ou re-liga\u00e7\u00e3o com Deus e seres supra-humanos (beatificados ou n\u00e3o), especialmente quando se encontram em apuros, mas tamb\u00e9m para pedirem prote\u00e7\u00e3o contra todos os males. Isto faz do&hellip;","_links":{"self":[{"href":"https:\/\/holosofia.com.br\/index.php?rest_route=\/wp\/v2\/pages\/992","targetHints":{"allow":["GET"]}}],"collection":[{"href":"https:\/\/holosofia.com.br\/index.php?rest_route=\/wp\/v2\/pages"}],"about":[{"href":"https:\/\/holosofia.com.br\/index.php?rest_route=\/wp\/v2\/types\/page"}],"author":[{"embeddable":true,"href":"https:\/\/holosofia.com.br\/index.php?rest_route=\/wp\/v2\/users\/1"}],"replies":[{"embeddable":true,"href":"https:\/\/holosofia.com.br\/index.php?rest_route=%2Fwp%2Fv2%2Fcomments&post=992"}],"version-history":[{"count":1,"href":"https:\/\/holosofia.com.br\/index.php?rest_route=\/wp\/v2\/pages\/992\/revisions"}],"predecessor-version":[{"id":994,"href":"https:\/\/holosofia.com.br\/index.php?rest_route=\/wp\/v2\/pages\/992\/revisions\/994"}],"wp:attachment":[{"href":"https:\/\/holosofia.com.br\/index.php?rest_route=%2Fwp%2Fv2%2Fmedia&parent=992"}],"curies":[{"name":"wp","href":"https:\/\/api.w.org\/{rel}","templated":true}]}}