{"id":982,"date":"2023-01-10T22:19:58","date_gmt":"2023-01-10T22:19:58","guid":{"rendered":"https:\/\/holosofia.com.br\/?page_id=982"},"modified":"2023-01-10T22:23:59","modified_gmt":"2023-01-10T22:23:59","slug":"holocoluna-0023","status":"publish","type":"page","link":"https:\/\/holosofia.com.br\/?page_id=982","title":{"rendered":"Holocoluna &#8211; 0023"},"content":{"rendered":"<ol start=\"23\">\n<li>\n<h2>DEUS<\/h2>\n<\/li>\n<\/ol>\n<h3 style=\"text-align: right;\">Publicado em 14.10.06<\/h3>\n<h3><\/h3>\n<h3>A tecnologia moderna permite determinar a paternidade mediante comprova\u00e7\u00e3o de material gen\u00e9tico id\u00eantico entre o pai e o filho.<\/h3>\n<h3>Certamente, se pud\u00e9ssemos identificar part\u00edculas energ\u00e9ticas da \u201cFor\u00e7a Criadora\u201d, encontrar\u00edamos tais part\u00edculas em todas as criaturas.<\/h3>\n<h3>Talvez por isso, Jesus tenha advertido: &#8230; \u201cn\u00e3o existe nenhum Deus fora, Ele est\u00e1 dentro de cada um de v\u00f3s\u201d. E mais tarde conclamado: \u201cAmai-vos uns aos outros\u201d.<\/h3>\n<h3>O poeta contempla a natureza e consegue vislumbrar a beleza, chamando de vossa alteza a mais modesta flor. A terra alimenta a todos; a m\u00e3e amamenta o filho. Tudo em nome do amor.<\/h3>\n<h3>A disciplina na altern\u00e2ncia das fases da lua, do dia e da noite, dos fluxos da mar\u00e9, instiga os cientistas a buscarem explica\u00e7\u00f5es matem\u00e1ticas.<\/h3>\n<h3>Como vemos, a complexidade universal se constitui em fonte de inspira\u00e7\u00e3o, mas tamb\u00e9m de desafio \u00e0 intelig\u00eancia humana. De um lado a admira\u00e7\u00e3o e do outro a investiga\u00e7\u00e3o.<\/h3>\n<h3>Obviamente, o homem quando aqui chegou j\u00e1 encontrou tudo pronto, e esta constru\u00e7\u00e3o n\u00e3o se fez sozinha, Embora haja especula\u00e7\u00e3o a respeito da evolu\u00e7\u00e3o espont\u00e2nea, a nega\u00e7\u00e3o de um Criador parece inaceit\u00e1vel.<\/h3>\n<h3>Portanto, seria mais sensato o homem tamb\u00e9m acompanhar a sua cria\u00e7\u00e3o \u2013 a tecnologia \u2013, tornando-se <strong>moderno<\/strong>.<\/h3>\n<h3>O homem moderno \u00e9 aquele que, mediante sintonia com a natureza, se manifesta inclinado a encontrar-se consigo mesmo, apesar da sua erudi\u00e7\u00e3o, como fez Albert Einstein depois de tanto pesquisar. Ele reconheceu a grandeza e os segredos do Universo como algo sobre-humana, portanto uma obra divina.<\/h3>\n<h3>O indiv\u00edduo que a si encontra depara-se com Deus, e nesse instante d\u00e1 o grande salto. O salto qu\u00e2ntico rumo \u00e0 sua realiza\u00e7\u00e3o plena. Esta plenitude se traduz pelo sentimento incontido de compartilhar a vida com todas as criaturas, os animais, as plantas, a terra, os rios, o ar e o pr\u00f3prio semelhante.<\/h3>\n<h3>Isto equivale dizer que \u00e9 chegado o momento de o ser humano se deixar invadir pelos bons pensamentos e praticar boas a\u00e7\u00f5es, anunciando assim a presen\u00e7a de Deus no seu cora\u00e7\u00e3o, independentemente do credo religioso que venha professar.<\/h3>\n<h3>A despeito da presente abordagem, facilmente conclu\u00edmos que Deus n\u00e3o se define apenas se vive.<\/h3>\n<h3>Viver Deus \u00e9 se relacionar sem m\u00e1goas, rancor, preconceitos ou fingimentos; tamb\u00e9m, ser altru\u00edsta e ter a m\u00e3o estendida com um sorriso nos l\u00e1bios, abra\u00e7ar o amigo e perdoar o pretenso inimigo.<\/h3>\n<h3>Vivemos Deus no sorriso de uma crian\u00e7a, nas p\u00e9talas de uma rosa, no canto de um p\u00e1ssaro, no som de uma cachoeira, no cheiro da terra molhada pela recente chuva, na cor avermelhada do sol poente, no brilho da lua cheia; tamb\u00e9m nos movimentos suaves do peixe no aqu\u00e1rio, na acolhedora sombra da frondosa \u00e1rvore, no saciar a sede e no matar a fome, no elogiar o colega, no acariciar o vov\u00f4, no beijar a mam\u00e3e e no orgasmo com a pessoa amada.<\/h3>\n<h3>Falar de Deus e vive-Lo \u00e9, antes de tudo, uma prova inequ\u00edvoca de sanidade.<\/h3>\n<p>&nbsp;<\/p>\n<p>&nbsp;<\/p>\n<p>&nbsp;<\/p>\n<p>&nbsp;<\/p>\n<p>&nbsp;<\/p>\n","protected":false},"excerpt":{"rendered":"<p>DEUS Publicado em 14.10.06 A tecnologia moderna permite determinar a paternidade mediante comprova\u00e7\u00e3o de material gen\u00e9tico id\u00eantico entre o pai e o filho. Certamente, se pud\u00e9ssemos identificar part\u00edculas energ\u00e9ticas da \u201cFor\u00e7a Criadora\u201d, encontrar\u00edamos tais part\u00edculas em todas as criaturas. Talvez por isso, Jesus tenha advertido: &#8230; \u201cn\u00e3o existe nenhum Deus fora, Ele est\u00e1 dentro de &hellip;<\/p>\n<p class=\"read-more\"> <a class=\"\" href=\"https:\/\/holosofia.com.br\/?page_id=982\"> <span class=\"screen-reader-text\">Holocoluna &#8211; 0023<\/span> Leia mais &raquo;<\/a><\/p>\n","protected":false},"author":1,"featured_media":0,"parent":0,"menu_order":0,"comment_status":"closed","ping_status":"closed","template":"","meta":{"_bbp_topic_count":0,"_bbp_reply_count":0,"_bbp_total_topic_count":0,"_bbp_total_reply_count":0,"_bbp_voice_count":0,"_bbp_anonymous_reply_count":0,"_bbp_topic_count_hidden":0,"_bbp_reply_count_hidden":0,"_bbp_forum_subforum_count":0,"om_disable_all_campaigns":false,"_uag_custom_page_level_css":"","_mi_skip_tracking":false,"_monsterinsights_sitenote_active":false,"_monsterinsights_sitenote_note":"","_monsterinsights_sitenote_category":0,"site-sidebar-layout":"default","site-content-layout":"default","ast-global-header-display":"","ast-main-header-display":"","ast-hfb-above-header-display":"","ast-hfb-below-header-display":"","ast-hfb-mobile-header-display":"","site-post-title":"","ast-breadcrumbs-content":"","ast-featured-img":"","footer-sml-layout":"","theme-transparent-header-meta":"default","adv-header-id-meta":"","stick-header-meta":"","header-above-stick-meta":"","header-main-stick-meta":"","header-below-stick-meta":"","footnotes":""},"class_list":["post-982","page","type-page","status-publish","hentry"],"aioseo_notices":[],"uagb_featured_image_src":{"full":false,"thumbnail":false,"medium":false,"medium_large":false,"large":false,"post-slider-thumb-size":false,"1536x1536":false,"2048x2048":false},"uagb_author_info":{"display_name":"solucaopublicidades@hotmail.com","author_link":"https:\/\/holosofia.com.br\/?author=1"},"uagb_comment_info":0,"uagb_excerpt":"DEUS Publicado em 14.10.06 A tecnologia moderna permite determinar a paternidade mediante comprova\u00e7\u00e3o de material gen\u00e9tico id\u00eantico entre o pai e o filho. Certamente, se pud\u00e9ssemos identificar part\u00edculas energ\u00e9ticas da \u201cFor\u00e7a Criadora\u201d, encontrar\u00edamos tais part\u00edculas em todas as criaturas. Talvez por isso, Jesus tenha advertido: &#8230; \u201cn\u00e3o existe nenhum Deus fora, Ele est\u00e1 dentro de&hellip;","_links":{"self":[{"href":"https:\/\/holosofia.com.br\/index.php?rest_route=\/wp\/v2\/pages\/982","targetHints":{"allow":["GET"]}}],"collection":[{"href":"https:\/\/holosofia.com.br\/index.php?rest_route=\/wp\/v2\/pages"}],"about":[{"href":"https:\/\/holosofia.com.br\/index.php?rest_route=\/wp\/v2\/types\/page"}],"author":[{"embeddable":true,"href":"https:\/\/holosofia.com.br\/index.php?rest_route=\/wp\/v2\/users\/1"}],"replies":[{"embeddable":true,"href":"https:\/\/holosofia.com.br\/index.php?rest_route=%2Fwp%2Fv2%2Fcomments&post=982"}],"version-history":[{"count":1,"href":"https:\/\/holosofia.com.br\/index.php?rest_route=\/wp\/v2\/pages\/982\/revisions"}],"predecessor-version":[{"id":983,"href":"https:\/\/holosofia.com.br\/index.php?rest_route=\/wp\/v2\/pages\/982\/revisions\/983"}],"wp:attachment":[{"href":"https:\/\/holosofia.com.br\/index.php?rest_route=%2Fwp%2Fv2%2Fmedia&parent=982"}],"curies":[{"name":"wp","href":"https:\/\/api.w.org\/{rel}","templated":true}]}}