{"id":976,"date":"2023-01-10T22:17:10","date_gmt":"2023-01-10T22:17:10","guid":{"rendered":"https:\/\/holosofia.com.br\/?page_id=976"},"modified":"2023-01-10T22:19:03","modified_gmt":"2023-01-10T22:19:03","slug":"holocoluna-0022","status":"publish","type":"page","link":"https:\/\/holosofia.com.br\/?page_id=976","title":{"rendered":"Holocoluna &#8211; 0022"},"content":{"rendered":"<h2>22 \u2013 \u00c9TICA<\/h2>\n<h3 style=\"text-align: right;\">Publicado em 07.10.06<\/h3>\n<h3><\/h3>\n<h3>\u00c9tica (<em>gr. ethike, moral; gr. ethos, modo de ser, car\u00e1ter<\/em>) \u2013 \u00e9 a teoria ou ci\u00eancia do comportamento moral dos homens em sociedade.<\/h3>\n<h3>Por ser o homem um animal social e hist\u00f3rico, nos tempos atuais a \u00e9tica torna-se mais abrangente e passa a ser necess\u00e1ria nos diferentes contextos, tanto no familiar como no profissional, no social e no ecol\u00f3gico.<\/h3>\n<h3>O n\u00facleo familiar \u2013 <em>pais e filhos<\/em> \u2013 \u00e9 regido, de forma impl\u00edcita ou expl\u00edcita, e consciente ou inconscientemente, por um conjunto de comportamentos capazes de tornar a conviv\u00eancia o mais agrad\u00e1vel e harm\u00f4nico poss\u00edvel. Eis a\u00ed a \u00e9tica familiar.<\/h3>\n<h3>Para os filhos, os pais s\u00e3o seus modelos primordiais.<\/h3>\n<h3>Por isso, os pais desempenham o papel de educadores n\u00e3o s\u00f3 por aquilo que verbalizam, mas, principalmente, pelo que passam \u00e0 prole atrav\u00e9s dos seus comportamentos diante das diferentes situa\u00e7\u00f5es. Neste particular, a m\u00e3e tem um peso maior, pois a liga\u00e7\u00e3o afetivo-emocional dela com os filhos \u00e9 compreensivelmente superior em compara\u00e7\u00e3o ao pai. Entretanto, esta constata\u00e7\u00e3o em nada diminui a influ\u00eancia paterna na forma\u00e7\u00e3o \u00e9tica das crian\u00e7as.<\/h3>\n<h3>O local de trabalho reflete com fidelidade a forma\u00e7\u00e3o \u00e9tica daqueles que est\u00e3o ali exercendo as suas atividades profissionais, n\u00e3o importando se simples ou complexas. Embora a pessoa n\u00e3o tenha uma forma\u00e7\u00e3o profissional acad\u00eamica, ela est\u00e1 intimamente ligada a sentimentos do bem e do mal. Estes sentimentos norteiam os seus comportamentos, e, a partir de ent\u00e3o ela poder\u00e1 assumir uma postura mais \u00e9tica ou menos \u00e9tica.<\/h3>\n<h3>A pessoa que adentra a faculdade tem a oportunidade de aprender comportamentos \u00e9ticos, pois a \u00e9tica se constitui numa mat\u00e9ria obrigat\u00f3ria na grade curricular das escolas superiores. S\u00e3o estes princ\u00edpios \u00e9ticos que pautam o comportamento do indiv\u00edduo na exeq\u00fcibilidade de sua profiss\u00e3o, e \u00e9 por isso que a inobserv\u00e2ncia de tais princ\u00edpios exp\u00f5e o profissional a diferentes formas de penalidades, acarretando preju\u00edzos vari\u00e1veis.<\/h3>\n<h3>O meio social representa uma passarela por onde deveria desfilar todas as formas de \u00e9tica.<\/h3>\n<h3>Neste momento c\u00edvico brasileiro, pela proximidade das elei\u00e7\u00f5es, a \u00e9tica pol\u00edtica vem mostrar toda a sua eleg\u00e2ncia, retratada na postura das centenas de pessoas auto-intituladas como altru\u00edstas, indiv\u00edduos que se candidatam voluntariamente a servir o povo, a promover o bem comum. Nada mais \u00e9tico do que estar sens\u00edvel aos interesses do pr\u00f3ximo!<\/h3>\n<h3>O povo, por sua vez, estar\u00e1 retribuindo eticamente, pelo voto, o sentimento de confian\u00e7a nas palavras, nas promessas expressas no per\u00edodo de campanha. Isto tamb\u00e9m \u00e9 \u00e9tico.<\/h3>\n<h3>Esta refer\u00eancia no campo da pol\u00edtica pode parecer ironia para n\u00f3s mortais, mas \u00e9 assim que pensam os candidatos e alguns eleitores. H\u00e1 quem diga: insultar algu\u00e9m na pol\u00edtica pode n\u00e3o ser moral, mas \u00e9 \u00e9tico. Isto confunde os menos avisados, e s\u00e3o muitos.<\/h3>\n<h3>Mas, no meio ambiente talvez seja o local mais apropriado para se reconhecer a \u00e9tica, basta verificar-se como s\u00e3o tratados os animais, as plantas, os rios, os mares e a pr\u00f3pria terra.<\/h3>\n<h3>Poder\u00edamos afirmar que a postura \u00e9tica de uma pessoa guarda alguma rela\u00e7\u00e3o com o seu estado de consci\u00eancia existencial, com o seu estado de sa\u00fade plena?<\/h3>\n<h3><em>\u00a0<\/em><\/h3>\n<p>&nbsp;<\/p>\n<p>&nbsp;<\/p>\n<p>&nbsp;<\/p>\n","protected":false},"excerpt":{"rendered":"<p>22 \u2013 \u00c9TICA Publicado em 07.10.06 \u00c9tica (gr. ethike, moral; gr. ethos, modo de ser, car\u00e1ter) \u2013 \u00e9 a teoria ou ci\u00eancia do comportamento moral dos homens em sociedade. Por ser o homem um animal social e hist\u00f3rico, nos tempos atuais a \u00e9tica torna-se mais abrangente e passa a ser necess\u00e1ria nos diferentes contextos, tanto &hellip;<\/p>\n<p class=\"read-more\"> <a class=\"\" href=\"https:\/\/holosofia.com.br\/?page_id=976\"> <span class=\"screen-reader-text\">Holocoluna &#8211; 0022<\/span> Leia mais &raquo;<\/a><\/p>\n","protected":false},"author":1,"featured_media":0,"parent":0,"menu_order":0,"comment_status":"closed","ping_status":"closed","template":"","meta":{"_bbp_topic_count":0,"_bbp_reply_count":0,"_bbp_total_topic_count":0,"_bbp_total_reply_count":0,"_bbp_voice_count":0,"_bbp_anonymous_reply_count":0,"_bbp_topic_count_hidden":0,"_bbp_reply_count_hidden":0,"_bbp_forum_subforum_count":0,"om_disable_all_campaigns":false,"_uag_custom_page_level_css":"","_mi_skip_tracking":false,"_monsterinsights_sitenote_active":false,"_monsterinsights_sitenote_note":"","_monsterinsights_sitenote_category":0,"site-sidebar-layout":"default","site-content-layout":"default","ast-global-header-display":"","ast-main-header-display":"","ast-hfb-above-header-display":"","ast-hfb-below-header-display":"","ast-hfb-mobile-header-display":"","site-post-title":"","ast-breadcrumbs-content":"","ast-featured-img":"","footer-sml-layout":"","theme-transparent-header-meta":"default","adv-header-id-meta":"","stick-header-meta":"","header-above-stick-meta":"","header-main-stick-meta":"","header-below-stick-meta":"","footnotes":""},"class_list":["post-976","page","type-page","status-publish","hentry"],"aioseo_notices":[],"uagb_featured_image_src":{"full":false,"thumbnail":false,"medium":false,"medium_large":false,"large":false,"post-slider-thumb-size":false,"1536x1536":false,"2048x2048":false},"uagb_author_info":{"display_name":"solucaopublicidades@hotmail.com","author_link":"https:\/\/holosofia.com.br\/?author=1"},"uagb_comment_info":0,"uagb_excerpt":"22 \u2013 \u00c9TICA Publicado em 07.10.06 \u00c9tica (gr. ethike, moral; gr. ethos, modo de ser, car\u00e1ter) \u2013 \u00e9 a teoria ou ci\u00eancia do comportamento moral dos homens em sociedade. Por ser o homem um animal social e hist\u00f3rico, nos tempos atuais a \u00e9tica torna-se mais abrangente e passa a ser necess\u00e1ria nos diferentes contextos, tanto&hellip;","_links":{"self":[{"href":"https:\/\/holosofia.com.br\/index.php?rest_route=\/wp\/v2\/pages\/976","targetHints":{"allow":["GET"]}}],"collection":[{"href":"https:\/\/holosofia.com.br\/index.php?rest_route=\/wp\/v2\/pages"}],"about":[{"href":"https:\/\/holosofia.com.br\/index.php?rest_route=\/wp\/v2\/types\/page"}],"author":[{"embeddable":true,"href":"https:\/\/holosofia.com.br\/index.php?rest_route=\/wp\/v2\/users\/1"}],"replies":[{"embeddable":true,"href":"https:\/\/holosofia.com.br\/index.php?rest_route=%2Fwp%2Fv2%2Fcomments&post=976"}],"version-history":[{"count":1,"href":"https:\/\/holosofia.com.br\/index.php?rest_route=\/wp\/v2\/pages\/976\/revisions"}],"predecessor-version":[{"id":978,"href":"https:\/\/holosofia.com.br\/index.php?rest_route=\/wp\/v2\/pages\/976\/revisions\/978"}],"wp:attachment":[{"href":"https:\/\/holosofia.com.br\/index.php?rest_route=%2Fwp%2Fv2%2Fmedia&parent=976"}],"curies":[{"name":"wp","href":"https:\/\/api.w.org\/{rel}","templated":true}]}}