{"id":889,"date":"2022-12-29T01:15:37","date_gmt":"2022-12-29T01:15:37","guid":{"rendered":"https:\/\/holosofia.com.br\/?page_id=889"},"modified":"2022-12-29T23:00:41","modified_gmt":"2022-12-29T23:00:41","slug":"15-saude-xii-holo-motos-cajuru-clube","status":"publish","type":"page","link":"https:\/\/holosofia.com.br\/?page_id=889","title":{"rendered":"HOLOCOLUNA &#8211; 0015"},"content":{"rendered":"<ol start=\"15\">\n<li>\n<h2>SA\u00daDE XII. Holo-motos Cajuru Clube<\/h2>\n<\/li>\n<\/ol>\n<h3 style=\"text-align: right;\">Publicado em 12.08.06<\/h3>\n<h3><\/h3>\n<h3>Sa\u00fade, segundo a Organiza\u00e7\u00e3o Mundial de Sa\u00fade (OMS), \u00e9, al\u00e9m da aus\u00eancia de doen\u00e7a, a sensa\u00e7\u00e3o de bem-estar f\u00edsico, mental e social. O Programa Holos\u00f3fico de Sa\u00fade (PHS) acrescenta&#8230; e <strong>espiritual.<\/strong><\/h3>\n<h3>O motociclismo \u00e9 uma pr\u00e1tica que d\u00e1 a sensa\u00e7\u00e3o de bem-estar f\u00edsico, mental, social e espiritual, e denota a aus\u00eancia de doen\u00e7a.<\/h3>\n<h3>Logo, o holo-motociclismo \u00e9 sa\u00fade.<\/h3>\n<h3>Por isso, a cria\u00e7\u00e3o do <strong>Holo-motos Cajuru Clube<\/strong>.<\/h3>\n<h3>Mais uma vez, inspirado no princ\u00edpio capital de integra\u00e7\u00e3o social no PHS, o dia 14 de agosto de 2006 \u00e9 escolhido como a data oficial do Encontro de Holo-motociclistas em Cajuru, assim como de funda\u00e7\u00e3o do <strong>Holo-motos Cajuru Clube. <\/strong>Excepcionalmente, pelo fato do dia 14 \u201ccair\u201d numa 2\u00aa feira, a solenidade de funda\u00e7\u00e3o do clube, de fato, ocorrer\u00e1 no dia 13, por ocasi\u00e3o do I Encontro de Holo-motociclismo em Cajuru.<\/h3>\n<h3>O dia 14 de agosto \u00e9 a data do anivers\u00e1rio do mais ilustre motociclista \u2013 <em>bicampe\u00e3o brasileiro de moto velocidade na categoria 600 cilindradas<\/em> \u2013 vivo de Cajuru, o Sr. Adilson Zachari Magalh\u00e3es (Adilson Cajuru, ou \u201cLargato\u201d, para os mais \u00edntimos).<\/h3>\n<h3>O <strong>Holo-motos Cajuru Clube<\/strong> \u00e9 o primeiro clube de holo-motociclismo do mundo, e conta com o hol\u00f3sofo Sebasti\u00e3o Jos\u00e9 Saraiva Filho como Presidente de Honra e companheiro e com o Sr. Adilson Zachari Magalh\u00e3es como Patrono e companheiro.<\/h3>\n<h3>A iniciativa de criar o <strong>Holo-motos Cajuru Clube<\/strong> contou com a ades\u00e3o da maioria dos motociclistas cajuruenses por dois aspectos fundamentais.<\/h3>\n<h3>Primeiro, o reconhecimento merecido a um desportista vivo e filho da cidade.<\/h3>\n<h3>Segundo, a credibilidade passada pela forma com que os trabalhos de forma\u00e7\u00e3o do clube foram conduzidos.<\/h3>\n<h3>As reuni\u00f5es tiveram v\u00e1rias caracter\u00edsticas \u2013 <em>encontro de amigos, aula, confraterniza\u00e7\u00e3o, debates<\/em> \u2013 e proporcionaram excelente entrosamento dos membros participantes, culminando com importantes decis\u00f5es compartilhadas, tais como o modelo das camisas \u2013 <em>masculina e feminina<\/em> \u2013 e a elabora\u00e7\u00e3o do estatuto.<\/h3>\n<h3>O estatuto do clube considera como s\u00f3cio fundador aquele que se encontra na lista de presen\u00e7a das reuni\u00f5es, mas tamb\u00e9m aquele que vier solicitar, por escrito, a sua associa\u00e7\u00e3o durante este I Encontro de Holo-motociclismo em Cajuru. O s\u00f3cio efetivo s\u00f3 ser\u00e1 poss\u00edvel ap\u00f3s o 3\u00ba m\u00eas da funda\u00e7\u00e3o, per\u00edodo necess\u00e1rio \u00e0 consolida\u00e7\u00e3o organizacional do clube.<\/h3>\n<h3>O I Encontro de Holo-motociclismo em Cajuru ter\u00e1 lugar no p\u00e1tio do Gin\u00e1sio de Esportes, com in\u00edcio previsto para \u00e0s 09h10min e o encerramento \u00e0s 15h45min.<\/h3>\n<h3>\u00c0s 10h10min iniciar-se-\u00e1 a solenidade de funda\u00e7\u00e3o do Holo-motos Cajuru Clube, com entoa\u00e7\u00e3o do Hino Nacional e participa\u00e7\u00e3o do Prefeito Municipal, Secret\u00e1rios do Esporte, da Educa\u00e7\u00e3o e da Sa\u00fade, do Gestor do PHS, da Promo\u00e7\u00e3o Social, dos Vereadores, da Guarda Municipal e da Pol\u00edcia Militar. Os motociclistas da Regi\u00e3o est\u00e3o sendo aguardados, e toda a popula\u00e7\u00e3o cajuruense est\u00e1 convidada.<\/h3>\n<h3>Esperamos que este seja um momento valioso para o exerc\u00edcio de cidadania e oportunidade impar para curtirmos um som enquanto degustamos saud\u00e1veis alimentos regionais, de prefer\u00eancia acompanhados pelos <strong>pais<\/strong>.<\/h3>\n<h3>13 de agosto, Dia dos Pais. Os nossos parab\u00e9ns!<\/h3>\n<h3>O amor \u00e9 a\u00e7\u00e3o, vai al\u00e9m da palavra.<\/h3>\n<h3><em>\u00a0<\/em><\/h3>\n<p><em>\u00a0<\/em><\/p>\n<p>&nbsp;<\/p>\n","protected":false},"excerpt":{"rendered":"<p>SA\u00daDE XII. Holo-motos Cajuru Clube Publicado em 12.08.06 Sa\u00fade, segundo a Organiza\u00e7\u00e3o Mundial de Sa\u00fade (OMS), \u00e9, al\u00e9m da aus\u00eancia de doen\u00e7a, a sensa\u00e7\u00e3o de bem-estar f\u00edsico, mental e social. O Programa Holos\u00f3fico de Sa\u00fade (PHS) acrescenta&#8230; e espiritual. O motociclismo \u00e9 uma pr\u00e1tica que d\u00e1 a sensa\u00e7\u00e3o de bem-estar f\u00edsico, mental, social e espiritual, &hellip;<\/p>\n<p class=\"read-more\"> <a class=\"\" href=\"https:\/\/holosofia.com.br\/?page_id=889\"> <span class=\"screen-reader-text\">HOLOCOLUNA &#8211; 0015<\/span> Leia mais &raquo;<\/a><\/p>\n","protected":false},"author":1,"featured_media":0,"parent":0,"menu_order":0,"comment_status":"closed","ping_status":"closed","template":"","meta":{"_bbp_topic_count":0,"_bbp_reply_count":0,"_bbp_total_topic_count":0,"_bbp_total_reply_count":0,"_bbp_voice_count":0,"_bbp_anonymous_reply_count":0,"_bbp_topic_count_hidden":0,"_bbp_reply_count_hidden":0,"_bbp_forum_subforum_count":0,"om_disable_all_campaigns":false,"_uag_custom_page_level_css":"","_mi_skip_tracking":false,"_monsterinsights_sitenote_active":false,"_monsterinsights_sitenote_note":"","_monsterinsights_sitenote_category":0,"site-sidebar-layout":"default","site-content-layout":"default","ast-global-header-display":"","ast-main-header-display":"","ast-hfb-above-header-display":"","ast-hfb-below-header-display":"","ast-hfb-mobile-header-display":"","site-post-title":"","ast-breadcrumbs-content":"","ast-featured-img":"","footer-sml-layout":"","theme-transparent-header-meta":"default","adv-header-id-meta":"","stick-header-meta":"","header-above-stick-meta":"","header-main-stick-meta":"","header-below-stick-meta":"","footnotes":""},"class_list":["post-889","page","type-page","status-publish","hentry"],"aioseo_notices":[],"uagb_featured_image_src":{"full":false,"thumbnail":false,"medium":false,"medium_large":false,"large":false,"post-slider-thumb-size":false,"1536x1536":false,"2048x2048":false},"uagb_author_info":{"display_name":"solucaopublicidades@hotmail.com","author_link":"https:\/\/holosofia.com.br\/?author=1"},"uagb_comment_info":0,"uagb_excerpt":"SA\u00daDE XII. Holo-motos Cajuru Clube Publicado em 12.08.06 Sa\u00fade, segundo a Organiza\u00e7\u00e3o Mundial de Sa\u00fade (OMS), \u00e9, al\u00e9m da aus\u00eancia de doen\u00e7a, a sensa\u00e7\u00e3o de bem-estar f\u00edsico, mental e social. O Programa Holos\u00f3fico de Sa\u00fade (PHS) acrescenta&#8230; e espiritual. O motociclismo \u00e9 uma pr\u00e1tica que d\u00e1 a sensa\u00e7\u00e3o de bem-estar f\u00edsico, mental, social e espiritual,&hellip;","_links":{"self":[{"href":"https:\/\/holosofia.com.br\/index.php?rest_route=\/wp\/v2\/pages\/889","targetHints":{"allow":["GET"]}}],"collection":[{"href":"https:\/\/holosofia.com.br\/index.php?rest_route=\/wp\/v2\/pages"}],"about":[{"href":"https:\/\/holosofia.com.br\/index.php?rest_route=\/wp\/v2\/types\/page"}],"author":[{"embeddable":true,"href":"https:\/\/holosofia.com.br\/index.php?rest_route=\/wp\/v2\/users\/1"}],"replies":[{"embeddable":true,"href":"https:\/\/holosofia.com.br\/index.php?rest_route=%2Fwp%2Fv2%2Fcomments&post=889"}],"version-history":[{"count":2,"href":"https:\/\/holosofia.com.br\/index.php?rest_route=\/wp\/v2\/pages\/889\/revisions"}],"predecessor-version":[{"id":937,"href":"https:\/\/holosofia.com.br\/index.php?rest_route=\/wp\/v2\/pages\/889\/revisions\/937"}],"wp:attachment":[{"href":"https:\/\/holosofia.com.br\/index.php?rest_route=%2Fwp%2Fv2%2Fmedia&parent=889"}],"curies":[{"name":"wp","href":"https:\/\/api.w.org\/{rel}","templated":true}]}}