{"id":851,"date":"2022-12-26T16:36:05","date_gmt":"2022-12-26T16:36:05","guid":{"rendered":"https:\/\/holosofia.com.br\/?page_id=851"},"modified":"2022-12-29T22:58:05","modified_gmt":"2022-12-29T22:58:05","slug":"12-saude-ix-violencia-religiosa","status":"publish","type":"page","link":"https:\/\/holosofia.com.br\/?page_id=851","title":{"rendered":"HOLOCOLUNA &#8211; 0012"},"content":{"rendered":"<ol start=\"12\">\n<li>\n<h2>SA\u00daDE IX. Viol\u00eancia religiosa<\/h2>\n<\/li>\n<\/ol>\n<h3 style=\"text-align: right;\">Publicado em 15.07.06<\/h3>\n<h3><\/h3>\n<h3>A Organiza\u00e7\u00e3o Mundial de Sa\u00fade (OMS) define Sa\u00fade como, al\u00e9m da aus\u00eancia de doen\u00e7a, a sensa\u00e7\u00e3o de bem-estar f\u00edsico, mental e social. A Holosofia acrescenta&#8230; e <strong>espiritual.<\/strong><\/h3>\n<h3>Estes conceitos v\u00eam explicar comportamentos esdr\u00faxulos e a\u00e7\u00f5es violentas no seio de institui\u00e7\u00f5es religiosas, muitos dos quais divulgados pelos \u00f3rg\u00e3os de comunica\u00e7\u00e3o do mundo inteiro.<\/h3>\n<h3>Antes, por\u00e9m, vejamos o que \u00e9 religi\u00e3o.<\/h3>\n<h3>A concep\u00e7\u00e3o de que toda a Cria\u00e7\u00e3o se deve a uma For\u00e7a Superior, a um Deus, \u00e9 quase unanimidade entre os homens. Portanto, em sendo o homem filho de Deus, existe naturalmente um forte sentimento de afeto entre o filho e o Pai.<\/h3>\n<h3>Acontece que o filho j\u00e1 nasce como que \u201cemancipado\u201d, isto \u00e9, distante f\u00edsica e psicologicamente do Pai. Da\u00ed a necessidade \u00edntima do filho em buscar um caminho que venha estabelecer a sua re-liga\u00e7\u00e3o com seu Deus.<\/h3>\n<h3>Eis a\u00ed a religi\u00e3o, palavra que quer dizer re-liga\u00e7\u00e3o.<\/h3>\n<h3>As institui\u00e7\u00f5es religiosas em geral visam conduzir o filho \u00e0 presen\u00e7a do Pai, atrav\u00e9s de uma figura humana exemplar, de comportamento sobre-humano, um santo \u2013 Buda, Jesus Cristo, Maom\u00e9 \u2013, e t\u00eam como princ\u00edpio fundamental ensinar o caminho da felicidade, a partir do amor, da compreens\u00e3o e do perd\u00e3o, virtudes pr\u00f3prias de suas respectivas refer\u00eancias. Mas n\u00e3o \u00e9 isto que se v\u00ea.<\/h3>\n<h3>Buda, segundo a hist\u00f3ria, renunciou a sua vida de reinado (o pai era o rei dos Sekias) e passou a vida inteira pregando \u00e0s margens do Rio Ganges. Aqui n\u00e3o h\u00e1 registro de viol\u00eancia religiosa maior.<\/h3>\n<h3>Jesus Cristo foi sumariamente executado com aquiesc\u00eancia do representante religioso \u2013 o sacerdote Caif\u00e1s \u2013 e da maior autoridade pol\u00edtica local da \u00e9poca \u2013 Pilatos.<\/h3>\n<h3>Ap\u00f3s a crucifica\u00e7\u00e3o de Jesus, os \u201cSeguidores de Nazareno\u201d, como eram chamados, passaram a ser perseguidos, assassinados e humilhados at\u00e9 que, no ano 313, o rei Constantino, por interesse pol\u00edtico, negociou com um grupo de \u201cSeguidores de Nazareno\u201d, tirando-os da clandestinidade e introduzindo seus ensinamentos numa nova religi\u00e3o a ser oficializada com o nome de Igreja Cat\u00f3lica Apost\u00f3lica Romana.<\/h3>\n<h3>Posteriormente, o desentendimento trouxe a cis\u00e3o da igreja em ortodoxos e modernos. A insatisfa\u00e7\u00e3o posterior destes culminou com a igreja protestante, liderada por Lutero. Neste per\u00edodo, por quest\u00f5es de dinheiro \u2013 <em>viol\u00eancia religiosa<\/em> \u2013, a Inglaterra rompe com o Vaticano e inaugura a igreja Calvinista.<\/h3>\n<h3>O mundo est\u00e1 exausto de assistir a verdadeiras guerras crist\u00e3s na Irlanda do Norte, em Israel, na Palestina e em outros lugares.<\/h3>\n<h3>Maom\u00e9, antes de ser aceito como profeta, foi v\u00edtima de viol\u00eancia, amea\u00e7ado de morte e expulso da sua comunidade. Passados 20 anos, Maom\u00e9 retorna e, em 612, \u00e9 aceito pela maioria da sociedade. Mas os mu\u00e7ulmanos est\u00e3o frequentemente envolvidos com a\u00e7\u00f5es religiosas violentas, destacando-se a auto-viol\u00eancia pela auto-flagela\u00e7\u00e3o.<\/h3>\n<h3>Respeitando as peculiaridades e sem querer entrar no m\u00e9rito de qualquer religi\u00e3o em particular, a presente abordagem teve o objetivo de convidar o leitor a um exerc\u00edcio reflexivo que viesse proporcionar o reconhecimento da linha divis\u00f3ria entre a pessoa doente e a saud\u00e1vel, enquanto militante religioso.<\/h3>\n<h3>Enfim, a sa\u00fade \u00e9 o \u00fanico ant\u00eddoto contra a\u00e7\u00f5es violentas, e f\u00f3rmula m\u00e1gica em dire\u00e7\u00e3o ao amor, ao equil\u00edbrio e \u00e0 felicidade.<\/h3>\n<h3><em>\u00a0<\/em><\/h3>\n<p>&nbsp;<\/p>\n","protected":false},"excerpt":{"rendered":"<p>SA\u00daDE IX. Viol\u00eancia religiosa Publicado em 15.07.06 A Organiza\u00e7\u00e3o Mundial de Sa\u00fade (OMS) define Sa\u00fade como, al\u00e9m da aus\u00eancia de doen\u00e7a, a sensa\u00e7\u00e3o de bem-estar f\u00edsico, mental e social. A Holosofia acrescenta&#8230; e espiritual. Estes conceitos v\u00eam explicar comportamentos esdr\u00faxulos e a\u00e7\u00f5es violentas no seio de institui\u00e7\u00f5es religiosas, muitos dos quais divulgados pelos \u00f3rg\u00e3os de &hellip;<\/p>\n<p class=\"read-more\"> <a class=\"\" href=\"https:\/\/holosofia.com.br\/?page_id=851\"> <span class=\"screen-reader-text\">HOLOCOLUNA &#8211; 0012<\/span> Leia mais &raquo;<\/a><\/p>\n","protected":false},"author":1,"featured_media":0,"parent":0,"menu_order":0,"comment_status":"closed","ping_status":"closed","template":"","meta":{"_bbp_topic_count":0,"_bbp_reply_count":0,"_bbp_total_topic_count":0,"_bbp_total_reply_count":0,"_bbp_voice_count":0,"_bbp_anonymous_reply_count":0,"_bbp_topic_count_hidden":0,"_bbp_reply_count_hidden":0,"_bbp_forum_subforum_count":0,"om_disable_all_campaigns":false,"_uag_custom_page_level_css":"","_mi_skip_tracking":false,"_monsterinsights_sitenote_active":false,"_monsterinsights_sitenote_note":"","_monsterinsights_sitenote_category":0,"site-sidebar-layout":"default","site-content-layout":"default","ast-global-header-display":"","ast-main-header-display":"","ast-hfb-above-header-display":"","ast-hfb-below-header-display":"","ast-hfb-mobile-header-display":"","site-post-title":"","ast-breadcrumbs-content":"","ast-featured-img":"","footer-sml-layout":"","theme-transparent-header-meta":"default","adv-header-id-meta":"","stick-header-meta":"","header-above-stick-meta":"","header-main-stick-meta":"","header-below-stick-meta":"","footnotes":""},"class_list":["post-851","page","type-page","status-publish","hentry"],"aioseo_notices":[],"uagb_featured_image_src":{"full":false,"thumbnail":false,"medium":false,"medium_large":false,"large":false,"post-slider-thumb-size":false,"1536x1536":false,"2048x2048":false},"uagb_author_info":{"display_name":"solucaopublicidades@hotmail.com","author_link":"https:\/\/holosofia.com.br\/?author=1"},"uagb_comment_info":0,"uagb_excerpt":"SA\u00daDE IX. Viol\u00eancia religiosa Publicado em 15.07.06 A Organiza\u00e7\u00e3o Mundial de Sa\u00fade (OMS) define Sa\u00fade como, al\u00e9m da aus\u00eancia de doen\u00e7a, a sensa\u00e7\u00e3o de bem-estar f\u00edsico, mental e social. A Holosofia acrescenta&#8230; e espiritual. Estes conceitos v\u00eam explicar comportamentos esdr\u00faxulos e a\u00e7\u00f5es violentas no seio de institui\u00e7\u00f5es religiosas, muitos dos quais divulgados pelos \u00f3rg\u00e3os de&hellip;","_links":{"self":[{"href":"https:\/\/holosofia.com.br\/index.php?rest_route=\/wp\/v2\/pages\/851","targetHints":{"allow":["GET"]}}],"collection":[{"href":"https:\/\/holosofia.com.br\/index.php?rest_route=\/wp\/v2\/pages"}],"about":[{"href":"https:\/\/holosofia.com.br\/index.php?rest_route=\/wp\/v2\/types\/page"}],"author":[{"embeddable":true,"href":"https:\/\/holosofia.com.br\/index.php?rest_route=\/wp\/v2\/users\/1"}],"replies":[{"embeddable":true,"href":"https:\/\/holosofia.com.br\/index.php?rest_route=%2Fwp%2Fv2%2Fcomments&post=851"}],"version-history":[{"count":2,"href":"https:\/\/holosofia.com.br\/index.php?rest_route=\/wp\/v2\/pages\/851\/revisions"}],"predecessor-version":[{"id":934,"href":"https:\/\/holosofia.com.br\/index.php?rest_route=\/wp\/v2\/pages\/851\/revisions\/934"}],"wp:attachment":[{"href":"https:\/\/holosofia.com.br\/index.php?rest_route=%2Fwp%2Fv2%2Fmedia&parent=851"}],"curies":[{"name":"wp","href":"https:\/\/api.w.org\/{rel}","templated":true}]}}