{"id":835,"date":"2022-12-26T13:07:53","date_gmt":"2022-12-26T13:07:53","guid":{"rendered":"https:\/\/holosofia.com.br\/?page_id=835"},"modified":"2022-12-29T22:55:22","modified_gmt":"2022-12-29T22:55:22","slug":"09-saude-vi-biblioteca-comunitaria-profa-jamile-lourdes-elias","status":"publish","type":"page","link":"https:\/\/holosofia.com.br\/?page_id=835","title":{"rendered":"HOLOCOLUNA &#8211; 0009"},"content":{"rendered":"<ol start=\"9\">\n<li>\n<h2>SA\u00daDE VI: BIBLIOTECA COMUNIT\u00c1RIA<\/h2>\n<\/li>\n<\/ol>\n<h2>PROF\u00aa\u00a0 JAMILE LOURDES ELIAS<\/h2>\n<p><strong>\u00a0<\/strong><\/p>\n<h3 style=\"text-align: right;\">Publicado em 24.06.06<\/h3>\n<h3><\/h3>\n<h3>A Organiza\u00e7\u00e3o Mundial de Sa\u00fade (OMS) define Sa\u00fade como, al\u00e9m da aus\u00eancia de doen\u00e7a, a sensa\u00e7\u00e3o de bem-estar f\u00edsico, mental e social. A Holosofia acrescenta&#8230; e <strong>espiritual.<\/strong><\/h3>\n<h3>Quando paramos e refletimos sobre a abrang\u00eancia desta singela palavra \u2013 \u201csa\u00fade\u201d \u2013\u00a0 \u00a0temos a sensa\u00e7\u00e3o de que ela encerra em si mesma o verdadeiro sentido da vida, da vida feliz.<\/h3>\n<h3>A vida feliz implica na utiliza\u00e7\u00e3o do potencial individual de sabedoria e intelig\u00eancia, onde a consci\u00eancia existencial se acompanha do desenvolvimento intelectual para que o bem seja uma constante na realidade universal.<\/h3>\n<h3>A sabedoria proporciona a consci\u00eancia existencial atrav\u00e9s da medita\u00e7\u00e3o \u2013 exerc\u00edcio praticado por Jesus durante quarenta dias antes promulgar o Serm\u00e3o da Montanha \u2013, a intelig\u00eancia permite a aquisi\u00e7\u00e3o de conhecimentos pelo estudo e leitura.<\/h3>\n<h3>A leitura proporciona abertura de portas ao mundo das id\u00e9ias, facultando momentos de pensar e de grandes transforma\u00e7\u00f5es. Por isso, deve se tornar um h\u00e1bito.<\/h3>\n<h3>O h\u00e1bito \u00e9 adquirido pela repeti\u00e7\u00e3o do ato. O bom h\u00e1bito da leitura \u00e9 desenvolvido pela pr\u00e1tica regular da busca de prazer pelas informa\u00e7\u00f5es contidas nos livros, revistas e jornais.<\/h3>\n<h3>A leitura prazerosa \u00e9 construtiva, e se constitui numa terapia, portanto, numa fonte de sa\u00fade.<\/h3>\n<h3>Com esta vis\u00e3o, a Prefeitura Municipal de Cajuru, atrav\u00e9s da Secretaria de Sa\u00fade resolveu implantar, pelo Programa de Sa\u00fade da Fam\u00edlia (PSF), bibliotecas comunit\u00e1rias nos diferentes bairros da cidade.<\/h3>\n<h3>Esta decis\u00e3o reflete a lucidez e intelig\u00eancia de quem tem a responsabilidade de construir um mundo melhor de se viver. E este estado de ilumina\u00e7\u00e3o se confirma na inclus\u00e3o de vener\u00e1veis educadores da pr\u00f3pria sociedade.<\/h3>\n<h3>Assim, a primeira biblioteca comunit\u00e1ria a ser inaugurada no pr\u00f3ximo dia 04 de julho, no bairro da Cruz alta \u2013 Rua Dr. Matta, 1596 \u2013, levar\u00e1, com justi\u00e7a e merecimento, o nome da competente, bondosa e exemplar professora Jamile Lourdes Elias, a tia Doca.<\/h3>\n<h3>A professora Jamile est\u00e1 eternizada na mem\u00f3ria, no car\u00e1ter e no comportamento dos milhares de ex-alunos que lhe elegeram como modelo a ser seguido.<\/h3>\n<h3>A tia Doca, \u00e9 a representa\u00e7\u00e3o material da fonte amor que permite a troca com plena fluidez entre aqueles que gravitam em seu redor.<\/h3>\n<h3>O \u201cnascimento\u201d dessa modesta biblioteca, pela sua simplicidade, lembra as condi\u00e7\u00f5es humildes em que Jesus nasceu. Pessoas grandes est\u00e3o ligadas a pequenas realidades.<\/h3>\n<h3>Saud\u00e1vel e feliz \u00e9 a sociedade que tem a coragem de reconhecer seus reais valores, ainda em vida.<\/h3>\n<h3><strong><em>Declara\u00e7\u00e3o de amor.<\/em><\/strong><\/h3>\n<h3>Eu, pessoalmente, resolvi me dar ao luxo de ousar com profunda ousadia. Eu decidi, mesmo sem maior proximidade f\u00edsica, sentir-me \u00edntimo deste ser humano especial que, pela sensa\u00e7\u00e3o primeira, me fez escolher uma palavra que parece exprimir a sua beleza interior: mimo.<\/h3>\n<h3>Tia doca, voc\u00ea \u00e9 meu mimo!<\/h3>\n<h3><\/h3>\n<h3 style=\"text-align: right;\"><em>Sebasti\u00e3o Saraiva<\/em><br \/>\n<em>M\u00e9dico e Hol\u00f3sofo<\/em><\/h3>\n<p>&nbsp;<\/p>\n","protected":false},"excerpt":{"rendered":"<p>SA\u00daDE VI: BIBLIOTECA COMUNIT\u00c1RIA PROF\u00aa\u00a0 JAMILE LOURDES ELIAS \u00a0 Publicado em 24.06.06 A Organiza\u00e7\u00e3o Mundial de Sa\u00fade (OMS) define Sa\u00fade como, al\u00e9m da aus\u00eancia de doen\u00e7a, a sensa\u00e7\u00e3o de bem-estar f\u00edsico, mental e social. A Holosofia acrescenta&#8230; e espiritual. Quando paramos e refletimos sobre a abrang\u00eancia desta singela palavra \u2013 \u201csa\u00fade\u201d \u2013\u00a0 \u00a0temos a sensa\u00e7\u00e3o &hellip;<\/p>\n<p class=\"read-more\"> <a class=\"\" href=\"https:\/\/holosofia.com.br\/?page_id=835\"> <span class=\"screen-reader-text\">HOLOCOLUNA &#8211; 0009<\/span> Leia mais &raquo;<\/a><\/p>\n","protected":false},"author":1,"featured_media":0,"parent":0,"menu_order":0,"comment_status":"closed","ping_status":"closed","template":"","meta":{"_bbp_topic_count":0,"_bbp_reply_count":0,"_bbp_total_topic_count":0,"_bbp_total_reply_count":0,"_bbp_voice_count":0,"_bbp_anonymous_reply_count":0,"_bbp_topic_count_hidden":0,"_bbp_reply_count_hidden":0,"_bbp_forum_subforum_count":0,"om_disable_all_campaigns":false,"_uag_custom_page_level_css":"","_mi_skip_tracking":false,"_monsterinsights_sitenote_active":false,"_monsterinsights_sitenote_note":"","_monsterinsights_sitenote_category":0,"site-sidebar-layout":"default","site-content-layout":"default","ast-global-header-display":"","ast-main-header-display":"","ast-hfb-above-header-display":"","ast-hfb-below-header-display":"","ast-hfb-mobile-header-display":"","site-post-title":"","ast-breadcrumbs-content":"","ast-featured-img":"","footer-sml-layout":"","theme-transparent-header-meta":"default","adv-header-id-meta":"","stick-header-meta":"","header-above-stick-meta":"","header-main-stick-meta":"","header-below-stick-meta":"","footnotes":""},"class_list":["post-835","page","type-page","status-publish","hentry"],"aioseo_notices":[],"uagb_featured_image_src":{"full":false,"thumbnail":false,"medium":false,"medium_large":false,"large":false,"post-slider-thumb-size":false,"1536x1536":false,"2048x2048":false},"uagb_author_info":{"display_name":"solucaopublicidades@hotmail.com","author_link":"https:\/\/holosofia.com.br\/?author=1"},"uagb_comment_info":0,"uagb_excerpt":"SA\u00daDE VI: BIBLIOTECA COMUNIT\u00c1RIA PROF\u00aa\u00a0 JAMILE LOURDES ELIAS \u00a0 Publicado em 24.06.06 A Organiza\u00e7\u00e3o Mundial de Sa\u00fade (OMS) define Sa\u00fade como, al\u00e9m da aus\u00eancia de doen\u00e7a, a sensa\u00e7\u00e3o de bem-estar f\u00edsico, mental e social. A Holosofia acrescenta&#8230; e espiritual. Quando paramos e refletimos sobre a abrang\u00eancia desta singela palavra \u2013 \u201csa\u00fade\u201d \u2013\u00a0 \u00a0temos a sensa\u00e7\u00e3o&hellip;","_links":{"self":[{"href":"https:\/\/holosofia.com.br\/index.php?rest_route=\/wp\/v2\/pages\/835","targetHints":{"allow":["GET"]}}],"collection":[{"href":"https:\/\/holosofia.com.br\/index.php?rest_route=\/wp\/v2\/pages"}],"about":[{"href":"https:\/\/holosofia.com.br\/index.php?rest_route=\/wp\/v2\/types\/page"}],"author":[{"embeddable":true,"href":"https:\/\/holosofia.com.br\/index.php?rest_route=\/wp\/v2\/users\/1"}],"replies":[{"embeddable":true,"href":"https:\/\/holosofia.com.br\/index.php?rest_route=%2Fwp%2Fv2%2Fcomments&post=835"}],"version-history":[{"count":2,"href":"https:\/\/holosofia.com.br\/index.php?rest_route=\/wp\/v2\/pages\/835\/revisions"}],"predecessor-version":[{"id":930,"href":"https:\/\/holosofia.com.br\/index.php?rest_route=\/wp\/v2\/pages\/835\/revisions\/930"}],"wp:attachment":[{"href":"https:\/\/holosofia.com.br\/index.php?rest_route=%2Fwp%2Fv2%2Fmedia&parent=835"}],"curies":[{"name":"wp","href":"https:\/\/api.w.org\/{rel}","templated":true}]}}