{"id":800,"date":"2022-12-26T12:20:34","date_gmt":"2022-12-26T12:20:34","guid":{"rendered":"https:\/\/holosofia.com.br\/?page_id=800"},"modified":"2022-12-29T22:49:41","modified_gmt":"2022-12-29T22:49:41","slug":"03-conhecer","status":"publish","type":"page","link":"https:\/\/holosofia.com.br\/?page_id=800","title":{"rendered":"HOLOCOLUNA &#8211; 0003"},"content":{"rendered":"<ol start=\"3\">\n<li>\n<h2>CONHECER<\/h2>\n<\/li>\n<\/ol>\n<h3 style=\"text-align: right;\">\u00a0Publicado em 06.05.06<\/h3>\n<h3><\/h3>\n<h3>Conhecer \u00e9 um fen\u00f4meno sedutor.<br \/>\nTalvez menos interessante apenas do que o saber.<br \/>\nConhecer \u00e9 adquirir novas informa\u00e7\u00f5es, pelo intelecto.<br \/>\nSaber \u00e9 conhecer pela experi\u00eancia pessoal.<br \/>\nNesta oportunidade, venho compartilhar um meu momento de saber para torn\u00e1-lo um conhecer para voc\u00ea.<br \/>\nCerta tarde de abril de 1994 eu estava numa esquina da cidade de Poona, na \u00cdndia, a tomar \u00e1gua de coco na carrocinha do Bhausha \u2013 um vendedor de cocos -, quando me senti atra\u00eddo pelo comportamento de um anci\u00e3o que, do outro lado da rua, pedia esmolas.<br \/>\n&#8211; Bhausha, o comportamento daquele velhinho parece muito interessante, comentei.<br \/>\n&#8211; Por que? Perguntou Bhausha.<br \/>\n&#8211; \u00c9 que ele pede esmolas de um jeito diferente.<br \/>\n&#8211; Como?<br \/>\n&#8211; Quando algu\u00e9m se aproxima ele estende a m\u00e3o, mas quando n\u00e3o h\u00e1 ningu\u00e9m ele simplesmente permanece sentado em posi\u00e7\u00e3o de semi-lotus, fecha os olhos e esbo\u00e7a um doce sorriso. Ele parece feliz!<br \/>\n&#8211; Mas ele \u00e9 feliz, ratificou Bhausha.<br \/>\n&#8211; Sabe amigo, o esmoler no Brasil \u00e9 muito diferente, tem uma fisionomia triste, exprime sofrimentos e infelicidade.<br \/>\n&#8211; \u00c9 que este velhinho n\u00e3o pede esmolas p\u2019ra ele.<br \/>\n&#8211; Ah! Exclamei, querendo reconhecer a raz\u00e3o de tamanha diferencia. Logo pensei e j\u00e1 perguntei?<br \/>\n&#8211; E p\u2019ra quem que ele pede esmolas?<br \/>\n&#8211; Respondeu Bhausha: para o corpo dele.<br \/>\nNaquele instante, olhei para o meu interlocutor e comentei: Bhausha, voc\u00ea n\u00e3o \u00e9 apenas um vendedor de cocos; voc\u00ea \u00e9 um s\u00e1bio.<br \/>\nLi\u00e7\u00e3o de espiritualidade podemos t\u00ea-la em qualquer momento e lugar.<\/h3>\n<h3 style=\"text-align: right;\"><em>Sebasti\u00e3o Saraiva<\/em><br \/>\n<em>M\u00e9dico e Hol\u00f3sofo<\/em><\/h3>\n<p>&nbsp;<\/p>\n","protected":false},"excerpt":{"rendered":"<p>CONHECER \u00a0Publicado em 06.05.06 Conhecer \u00e9 um fen\u00f4meno sedutor. Talvez menos interessante apenas do que o saber. Conhecer \u00e9 adquirir novas informa\u00e7\u00f5es, pelo intelecto. Saber \u00e9 conhecer pela experi\u00eancia pessoal. Nesta oportunidade, venho compartilhar um meu momento de saber para torn\u00e1-lo um conhecer para voc\u00ea. Certa tarde de abril de 1994 eu estava numa esquina &hellip;<\/p>\n<p class=\"read-more\"> <a class=\"\" href=\"https:\/\/holosofia.com.br\/?page_id=800\"> <span class=\"screen-reader-text\">HOLOCOLUNA &#8211; 0003<\/span> Leia mais &raquo;<\/a><\/p>\n","protected":false},"author":1,"featured_media":0,"parent":0,"menu_order":0,"comment_status":"closed","ping_status":"closed","template":"","meta":{"_bbp_topic_count":0,"_bbp_reply_count":0,"_bbp_total_topic_count":0,"_bbp_total_reply_count":0,"_bbp_voice_count":0,"_bbp_anonymous_reply_count":0,"_bbp_topic_count_hidden":0,"_bbp_reply_count_hidden":0,"_bbp_forum_subforum_count":0,"om_disable_all_campaigns":false,"_uag_custom_page_level_css":"","_mi_skip_tracking":false,"_monsterinsights_sitenote_active":false,"_monsterinsights_sitenote_note":"","_monsterinsights_sitenote_category":0,"site-sidebar-layout":"default","site-content-layout":"default","ast-global-header-display":"","ast-main-header-display":"","ast-hfb-above-header-display":"","ast-hfb-below-header-display":"","ast-hfb-mobile-header-display":"","site-post-title":"","ast-breadcrumbs-content":"","ast-featured-img":"","footer-sml-layout":"","theme-transparent-header-meta":"default","adv-header-id-meta":"","stick-header-meta":"","header-above-stick-meta":"","header-main-stick-meta":"","header-below-stick-meta":"","footnotes":""},"class_list":["post-800","page","type-page","status-publish","hentry"],"aioseo_notices":[],"uagb_featured_image_src":{"full":false,"thumbnail":false,"medium":false,"medium_large":false,"large":false,"post-slider-thumb-size":false,"1536x1536":false,"2048x2048":false},"uagb_author_info":{"display_name":"solucaopublicidades@hotmail.com","author_link":"https:\/\/holosofia.com.br\/?author=1"},"uagb_comment_info":0,"uagb_excerpt":"CONHECER \u00a0Publicado em 06.05.06 Conhecer \u00e9 um fen\u00f4meno sedutor. Talvez menos interessante apenas do que o saber. Conhecer \u00e9 adquirir novas informa\u00e7\u00f5es, pelo intelecto. Saber \u00e9 conhecer pela experi\u00eancia pessoal. Nesta oportunidade, venho compartilhar um meu momento de saber para torn\u00e1-lo um conhecer para voc\u00ea. Certa tarde de abril de 1994 eu estava numa esquina&hellip;","_links":{"self":[{"href":"https:\/\/holosofia.com.br\/index.php?rest_route=\/wp\/v2\/pages\/800","targetHints":{"allow":["GET"]}}],"collection":[{"href":"https:\/\/holosofia.com.br\/index.php?rest_route=\/wp\/v2\/pages"}],"about":[{"href":"https:\/\/holosofia.com.br\/index.php?rest_route=\/wp\/v2\/types\/page"}],"author":[{"embeddable":true,"href":"https:\/\/holosofia.com.br\/index.php?rest_route=\/wp\/v2\/users\/1"}],"replies":[{"embeddable":true,"href":"https:\/\/holosofia.com.br\/index.php?rest_route=%2Fwp%2Fv2%2Fcomments&post=800"}],"version-history":[{"count":2,"href":"https:\/\/holosofia.com.br\/index.php?rest_route=\/wp\/v2\/pages\/800\/revisions"}],"predecessor-version":[{"id":924,"href":"https:\/\/holosofia.com.br\/index.php?rest_route=\/wp\/v2\/pages\/800\/revisions\/924"}],"wp:attachment":[{"href":"https:\/\/holosofia.com.br\/index.php?rest_route=%2Fwp%2Fv2%2Fmedia&parent=800"}],"curies":[{"name":"wp","href":"https:\/\/api.w.org\/{rel}","templated":true}]}}