{"id":1592,"date":"2023-06-05T23:29:49","date_gmt":"2023-06-05T23:29:49","guid":{"rendered":"https:\/\/holosofia.com.br\/?page_id=1592"},"modified":"2023-06-05T23:29:49","modified_gmt":"2023-06-05T23:29:49","slug":"holocoluna-0096","status":"publish","type":"page","link":"https:\/\/holosofia.com.br\/?page_id=1592","title":{"rendered":"Holocoluna &#8211; 0096"},"content":{"rendered":"<ol start=\"96\">\n<li>\n<h3>CONFRATERNIZA\u00c7\u00c3O<\/h3>\n<\/li>\n<\/ol>\n<h3 style=\"text-align: right;\">Publicado em 12.07.08<\/h3>\n<p>&nbsp;<\/p>\n<h4>Confraterniza\u00e7\u00e3o \u2013 substantivo feminino \u2013 ato de confraternizar. Confraternizar \u00e9 ligar, unir como irm\u00e3os; irmanar. Assim, ensina o Aur\u00e9lio Buarque de Holanda.<\/h4>\n<h4>A confraterniza\u00e7\u00e3o permite a conviv\u00eancia harm\u00f4nica entre as pessoas, no sentido mais puro da palavra; ela faculta a promo\u00e7\u00e3o individual e coletiva, cuja contribui\u00e7\u00e3o maior encontra-se na humaniza\u00e7\u00e3o e, conseq\u00fcentemente, na minimiza\u00e7\u00e3o da desigualdade social.<\/h4>\n<h4>Considerar o pr\u00f3ximo como irm\u00e3o significa romper todas as barreiras relacionais naturalmente constru\u00eddas por uma sociedade ego\u00edsta, a qual, de movo velado ou n\u00e3o, estabelece distin\u00e7\u00e3o, em sentido pejorativo, entre o rico e o pobre, entre o erudito e o ignorante, entre o branco e o preto, entre o homem e a mulher e entre o adulto e a crian\u00e7a.<\/h4>\n<h4>O rico tornar-se-ia mais rico mediante a experi\u00eancia de partilhar n\u00e3o apenas parcelas dos seus bens materiais com o pobre, mas de sua afetividade e aten\u00e7\u00e3o. Esse partilhar se refere \u00e0 oferta de oportunidade para que o pobre desenvolva o seu potencial pessoal com dignidade, o que acontece atrav\u00e9s do trabalho.<\/h4>\n<h4>O trabalho precisa do estudo para melhorar seus resultados e aprimorar o trabalhador, raz\u00e3o pela qual, escolas, cursos e semin\u00e1rios devem ser disponibilizados, tanto para os empregados quanto para os seus dependentes. O importante \u00e9 oportunizar o conhecimento, democratizando-o.<\/h4>\n<h4>A esp\u00e9cie humana \u00e9 \u00fanica, embora existam fen\u00f3tipos \u2013 olhos puxados, cabelos loiros, abund\u00e2ncia maior de melanina na pele \u2013 capazes de real\u00e7ar diferencias externas entre os povos e\/ou entre pessoas de uma mesma na\u00e7\u00e3o. O japon\u00eas, o alem\u00e3o, o \u00edndio e o africano s\u00e3o igualmente seres humanos, e \u00e9 assim que devem ser tratados.<\/h4>\n<h4>A perpetua\u00e7\u00e3o da humanidade s\u00f3 \u00e9 poss\u00edvel pala procria\u00e7\u00e3o, fen\u00f4meno realiz\u00e1vel pela uni\u00e3o do homem com a mulher. Logo, o m\u00e9rito de t\u00e3o singela fa\u00e7anha cabe a ambos, tornando, pois, inexplic\u00e1vel qualquer postura discriminat\u00f3ria. O momento hist\u00f3rico dos terr\u00e1queos clama por profundas reflex\u00f5es existenciais, cujos desdobramentos, desejam-se, venham culminar com a contempla\u00e7\u00e3o da igualdade entre os humanos masculinos e femininos.<\/h4>\n<h4>O alicerce da sociedade est\u00e1 representado pela sua popula\u00e7\u00e3o infantil, incluindo embri\u00f5es e fetos, por isso, aqueles que det\u00eam o poder \u2013 pol\u00edtico, econ\u00f4mico e cient\u00edfico \u2013, independentemente do seu espa\u00e7o geogr\u00e1fico, devem convergir suas aten\u00e7\u00f5es para as gestantes, as crian\u00e7as e os adolescentes, objetivando uma base s\u00f3lida onde ser\u00e1 edificada uma nova sociedade. Uma sociedade de seres humanos. Seres humanos de verdade.<\/h4>\n<h4>Com essa vis\u00e3o, a Holosofia vem se utilizando do Programa Holos\u00f3fico de Sa\u00fade (PHS) para estimular o senso cr\u00edtico das pessoas nos bairros \u2013 Cruz Alta e Dom Bosco \u2013 da periferia de Cajuru atrav\u00e9s do Holo-cinema. Oportunamente, outros bairros receber\u00e3o a mesma iniciativa. A metodologia consiste em assistir aos filmes e, em seguida, discutir as diferentes mensagens ali contidas.<\/h4>\n<h4>Considerando os 6.500.000.000 de globais, a a\u00e7\u00e3o do Holo-cinema nesses bairros guarda uma propor\u00e7\u00e3o microsc\u00f3pica, \u00e9 verdade, mas existe. Qui\u00e7\u00e1 com a \u201cvirul\u00eancia\u201d dos micr\u00f3bios (micro bios).<\/h4>\n<h4 style=\"text-align: right;\">Sebasti\u00e3o Saraiva<\/h4>\n<h4 style=\"text-align: right;\">M\u00e9dico e Hol\u00f3sofo<\/h4>\n","protected":false},"excerpt":{"rendered":"<p>CONFRATERNIZA\u00c7\u00c3O Publicado em 12.07.08 &nbsp; Confraterniza\u00e7\u00e3o \u2013 substantivo feminino \u2013 ato de confraternizar. Confraternizar \u00e9 ligar, unir como irm\u00e3os; irmanar. Assim, ensina o Aur\u00e9lio Buarque de Holanda. A confraterniza\u00e7\u00e3o permite a conviv\u00eancia harm\u00f4nica entre as pessoas, no sentido mais puro da palavra; ela faculta a promo\u00e7\u00e3o individual e coletiva, cuja contribui\u00e7\u00e3o maior encontra-se na humaniza\u00e7\u00e3o &hellip;<\/p>\n<p class=\"read-more\"> <a class=\"\" href=\"https:\/\/holosofia.com.br\/?page_id=1592\"> <span class=\"screen-reader-text\">Holocoluna &#8211; 0096<\/span> Leia mais &raquo;<\/a><\/p>\n","protected":false},"author":1,"featured_media":0,"parent":0,"menu_order":0,"comment_status":"closed","ping_status":"closed","template":"","meta":{"_bbp_topic_count":0,"_bbp_reply_count":0,"_bbp_total_topic_count":0,"_bbp_total_reply_count":0,"_bbp_voice_count":0,"_bbp_anonymous_reply_count":0,"_bbp_topic_count_hidden":0,"_bbp_reply_count_hidden":0,"_bbp_forum_subforum_count":0,"om_disable_all_campaigns":false,"_uag_custom_page_level_css":"","_mi_skip_tracking":false,"_monsterinsights_sitenote_active":false,"_monsterinsights_sitenote_note":"","_monsterinsights_sitenote_category":0,"site-sidebar-layout":"default","site-content-layout":"default","ast-global-header-display":"","ast-main-header-display":"","ast-hfb-above-header-display":"","ast-hfb-below-header-display":"","ast-hfb-mobile-header-display":"","site-post-title":"","ast-breadcrumbs-content":"","ast-featured-img":"","footer-sml-layout":"","theme-transparent-header-meta":"default","adv-header-id-meta":"","stick-header-meta":"","header-above-stick-meta":"","header-main-stick-meta":"","header-below-stick-meta":"","footnotes":""},"class_list":["post-1592","page","type-page","status-publish","hentry"],"aioseo_notices":[],"uagb_featured_image_src":{"full":false,"thumbnail":false,"medium":false,"medium_large":false,"large":false,"post-slider-thumb-size":false,"1536x1536":false,"2048x2048":false},"uagb_author_info":{"display_name":"solucaopublicidades@hotmail.com","author_link":"https:\/\/holosofia.com.br\/?author=1"},"uagb_comment_info":0,"uagb_excerpt":"CONFRATERNIZA\u00c7\u00c3O Publicado em 12.07.08 &nbsp; Confraterniza\u00e7\u00e3o \u2013 substantivo feminino \u2013 ato de confraternizar. Confraternizar \u00e9 ligar, unir como irm\u00e3os; irmanar. Assim, ensina o Aur\u00e9lio Buarque de Holanda. A confraterniza\u00e7\u00e3o permite a conviv\u00eancia harm\u00f4nica entre as pessoas, no sentido mais puro da palavra; ela faculta a promo\u00e7\u00e3o individual e coletiva, cuja contribui\u00e7\u00e3o maior encontra-se na humaniza\u00e7\u00e3o&hellip;","_links":{"self":[{"href":"https:\/\/holosofia.com.br\/index.php?rest_route=\/wp\/v2\/pages\/1592","targetHints":{"allow":["GET"]}}],"collection":[{"href":"https:\/\/holosofia.com.br\/index.php?rest_route=\/wp\/v2\/pages"}],"about":[{"href":"https:\/\/holosofia.com.br\/index.php?rest_route=\/wp\/v2\/types\/page"}],"author":[{"embeddable":true,"href":"https:\/\/holosofia.com.br\/index.php?rest_route=\/wp\/v2\/users\/1"}],"replies":[{"embeddable":true,"href":"https:\/\/holosofia.com.br\/index.php?rest_route=%2Fwp%2Fv2%2Fcomments&post=1592"}],"version-history":[{"count":1,"href":"https:\/\/holosofia.com.br\/index.php?rest_route=\/wp\/v2\/pages\/1592\/revisions"}],"predecessor-version":[{"id":1593,"href":"https:\/\/holosofia.com.br\/index.php?rest_route=\/wp\/v2\/pages\/1592\/revisions\/1593"}],"wp:attachment":[{"href":"https:\/\/holosofia.com.br\/index.php?rest_route=%2Fwp%2Fv2%2Fmedia&parent=1592"}],"curies":[{"name":"wp","href":"https:\/\/api.w.org\/{rel}","templated":true}]}}