{"id":1455,"date":"2023-04-07T12:27:32","date_gmt":"2023-04-07T12:27:32","guid":{"rendered":"https:\/\/holosofia.com.br\/?page_id=1455"},"modified":"2023-04-07T12:27:32","modified_gmt":"2023-04-07T12:27:32","slug":"holocoluna-0089","status":"publish","type":"page","link":"https:\/\/holosofia.com.br\/?page_id=1455","title":{"rendered":"Holocoluna 0089"},"content":{"rendered":"<ol start=\"89\">\n<li>\n<h3>OBJETIVO<\/h3>\n<\/li>\n<\/ol>\n<h3 style=\"text-align: right;\">Publicado em 24\/05\/2008<\/h3>\n<p>&nbsp;<\/p>\n<h4>Em algum momento a nossa exist\u00eancia foi um objetivo na vida dos nossos pais ou da nossa m\u00e3e, no caso de \u201cprodu\u00e7\u00e3o\u201d independente.<\/h4>\n<h4>A paternidade\/maternidade se constitui em um dos objetivos de vida de quase todos os homens e mulheres.<\/h4>\n<h4>Homens e mulheres que objetivam a paternidade\/maternidade, mas impedidos de s\u00ea-los, biologicamente, encontram na ado\u00e7\u00e3o a realiza\u00e7\u00e3o do seu objetivo.<\/h4>\n<h4>O objetivo parece ser uma inspira\u00e7\u00e3o da alma subjetiva a convidar a pessoa objetiva a preencher, objetivamente, a vida com metas a serem alcan\u00e7adas.<\/h4>\n<h4>Portanto, \u00e9 o objetivo que d\u00e1 sentido \u00e0 vida. Objetivo a curto, m\u00e9dio e longo prazo.<\/h4>\n<h4>O rec\u00e9m-nascido, pela imaturidade que lhe \u00e9 pr\u00f3pria, ainda n\u00e3o consegue elaborar conscientemente os seus objetivos, claro, mas, de forma instintiva, identifica e abocanha o seio materno, atingindo, assim, o seu objetivo. O objetivo de se alimentar, de se manter vivo.<\/h4>\n<h4>\u00c0 medida que a crian\u00e7a vai crescendo e adquirindo no\u00e7\u00e3o da vida, naturalmente, objetivos passam a ser estabelecidos.<\/h4>\n<h4>Neste particular, a presen\u00e7a efetiva dos adultos no dia-a-dia da crian\u00e7a tem um papel decisivo como fator estimulante ao estabelecimento de objetivos.<\/h4>\n<h4>O estudar, que inicialmente \u00e9 objetivo dos pais, posteriormente passa a ser objetivo do filho. E isto se d\u00e1 pela tomada de consci\u00eancia da responsabilidade pessoal rumo \u00e0 constru\u00e7\u00e3o da pr\u00f3pria vida.<\/h4>\n<h4>Na adolesc\u00eancia, a tend\u00eancia ao agrupamento denota o objetivo da busca da identifica\u00e7\u00e3o tranq\u00fcilizadora com seus iguais. Mais tarde, o exacerbado cuidado com a apar\u00eancia denuncia o desejo da conquista como objetivo maior nessa fase da vida.<\/h4>\n<h4>O objetivo de adentrar no mundo acad\u00eamico deixa o jovem numa situa\u00e7\u00e3o de extrema expectativa, mas \u00e9 por isso que ele se encoraja a se preparar para transpor o desafiante vestibular.<\/h4>\n<h4>O empenho e a dedica\u00e7\u00e3o destinados \u00e0 forma\u00e7\u00e3o profissional mostram o quanto o indiv\u00edduo est\u00e1 convicto do seu objetivo nesta dire\u00e7\u00e3o.<\/h4>\n<h4>A pontualidade, a assiduidade, a aten\u00e7\u00e3o e o modo cordial com que a pessoa se relaciona com os seus colegas de trabalho exprimem o objetivo do sucesso pelo\u00a0 reconhecimento leg\u00edtimo do trabalhador eficiente e \u00e9tico.<\/h4>\n<h4>O objetivo de formar uma fam\u00edlia ideal faz com a pessoa estabele\u00e7a crit\u00e9rios e seja cautelosa na aceita\u00e7\u00e3o do\/a parceiro\/a, assim como utilizar\u00e1 dos meios dispon\u00edveis para um planejamento familiar adequado.<\/h4>\n<h4>Por tudo isso, torna-se precioso o h\u00e1bito das reuni\u00f5es em fam\u00edlia e do di\u00e1logo entre pais e filhos, irm\u00e3os, professores e alunos, e amigos. A partir de ent\u00e3o, novos objetivos estar\u00e3o povoando muitas vidas. Vidas com verdadeiros sentidos. Vidas cheias de vida.<\/h4>\n<h4>Por falar nisto, quais os seus objetivos?<\/h4>\n<h4>Sebasti\u00e3o Saraiva<\/h4>\n<h4>M\u00e9dico e Hol\u00f3sofo<\/h4>\n<h4>Site: <a href=\"http:\/\/www.holosofia.com.br\">www.holosofia.com.br<\/a><\/h4>\n","protected":false},"excerpt":{"rendered":"<p>OBJETIVO Publicado em 24\/05\/2008 &nbsp; Em algum momento a nossa exist\u00eancia foi um objetivo na vida dos nossos pais ou da nossa m\u00e3e, no caso de \u201cprodu\u00e7\u00e3o\u201d independente. A paternidade\/maternidade se constitui em um dos objetivos de vida de quase todos os homens e mulheres. Homens e mulheres que objetivam a paternidade\/maternidade, mas impedidos de &hellip;<\/p>\n<p class=\"read-more\"> <a class=\"\" href=\"https:\/\/holosofia.com.br\/?page_id=1455\"> <span class=\"screen-reader-text\">Holocoluna 0089<\/span> Leia mais &raquo;<\/a><\/p>\n","protected":false},"author":1,"featured_media":0,"parent":0,"menu_order":0,"comment_status":"closed","ping_status":"closed","template":"","meta":{"_bbp_topic_count":0,"_bbp_reply_count":0,"_bbp_total_topic_count":0,"_bbp_total_reply_count":0,"_bbp_voice_count":0,"_bbp_anonymous_reply_count":0,"_bbp_topic_count_hidden":0,"_bbp_reply_count_hidden":0,"_bbp_forum_subforum_count":0,"om_disable_all_campaigns":false,"_uag_custom_page_level_css":"","_mi_skip_tracking":false,"_monsterinsights_sitenote_active":false,"_monsterinsights_sitenote_note":"","_monsterinsights_sitenote_category":0,"site-sidebar-layout":"default","site-content-layout":"default","ast-global-header-display":"","ast-main-header-display":"","ast-hfb-above-header-display":"","ast-hfb-below-header-display":"","ast-hfb-mobile-header-display":"","site-post-title":"","ast-breadcrumbs-content":"","ast-featured-img":"","footer-sml-layout":"","theme-transparent-header-meta":"default","adv-header-id-meta":"","stick-header-meta":"","header-above-stick-meta":"","header-main-stick-meta":"","header-below-stick-meta":"","footnotes":""},"class_list":["post-1455","page","type-page","status-publish","hentry"],"aioseo_notices":[],"uagb_featured_image_src":{"full":false,"thumbnail":false,"medium":false,"medium_large":false,"large":false,"post-slider-thumb-size":false,"1536x1536":false,"2048x2048":false},"uagb_author_info":{"display_name":"solucaopublicidades@hotmail.com","author_link":"https:\/\/holosofia.com.br\/?author=1"},"uagb_comment_info":0,"uagb_excerpt":"OBJETIVO Publicado em 24\/05\/2008 &nbsp; Em algum momento a nossa exist\u00eancia foi um objetivo na vida dos nossos pais ou da nossa m\u00e3e, no caso de \u201cprodu\u00e7\u00e3o\u201d independente. A paternidade\/maternidade se constitui em um dos objetivos de vida de quase todos os homens e mulheres. Homens e mulheres que objetivam a paternidade\/maternidade, mas impedidos de&hellip;","_links":{"self":[{"href":"https:\/\/holosofia.com.br\/index.php?rest_route=\/wp\/v2\/pages\/1455","targetHints":{"allow":["GET"]}}],"collection":[{"href":"https:\/\/holosofia.com.br\/index.php?rest_route=\/wp\/v2\/pages"}],"about":[{"href":"https:\/\/holosofia.com.br\/index.php?rest_route=\/wp\/v2\/types\/page"}],"author":[{"embeddable":true,"href":"https:\/\/holosofia.com.br\/index.php?rest_route=\/wp\/v2\/users\/1"}],"replies":[{"embeddable":true,"href":"https:\/\/holosofia.com.br\/index.php?rest_route=%2Fwp%2Fv2%2Fcomments&post=1455"}],"version-history":[{"count":1,"href":"https:\/\/holosofia.com.br\/index.php?rest_route=\/wp\/v2\/pages\/1455\/revisions"}],"predecessor-version":[{"id":1456,"href":"https:\/\/holosofia.com.br\/index.php?rest_route=\/wp\/v2\/pages\/1455\/revisions\/1456"}],"wp:attachment":[{"href":"https:\/\/holosofia.com.br\/index.php?rest_route=%2Fwp%2Fv2%2Fmedia&parent=1455"}],"curies":[{"name":"wp","href":"https:\/\/api.w.org\/{rel}","templated":true}]}}