{"id":1387,"date":"2023-03-25T15:01:03","date_gmt":"2023-03-25T15:01:03","guid":{"rendered":"https:\/\/holosofia.com.br\/?page_id=1387"},"modified":"2023-03-25T15:01:03","modified_gmt":"2023-03-25T15:01:03","slug":"holocoluna-0079","status":"publish","type":"page","link":"https:\/\/holosofia.com.br\/?page_id=1387","title":{"rendered":"Holocoluna &#8211; 0079"},"content":{"rendered":"<ol start=\"79\">\n<li>\n<h3>CUMPLICIDADE<\/h3>\n<\/li>\n<\/ol>\n<h3><\/h3>\n<h3 style=\"text-align: right;\">Publicado em 08\/03\/2008<\/h3>\n<p>&nbsp;<\/p>\n<h4>O homem \u00e9 um animal social, isto \u00e9, vive em sociedade. Logo, ningu\u00e9m consegue viver isoladamente.<\/h4>\n<h4>N\u00f3s nascemos dentro de uma pequena sociedade, que \u00e9 a nossa fam\u00edlia. Depois, vamos para a escola, uma outra sociedade. Mais tarde entramos para o mercado de trabalho, e l\u00e1 estamos n\u00f3s noutra sociedade. Finalmente, casamos e, com o(a) nosso(a) companheiro(a), formamos uma sociedade tamb\u00e9m, fechando-se, assim, o ciclo da forma\u00e7\u00e3o de sociedades.<\/h4>\n<h4>As in\u00fameras pequenas sociedades se unem e formam a grande sociedade, a sociedade a que, comumente, nos referimos.<\/h4>\n<h4>Viver harmonicamente em sociedade implica em normas de comportamento necess\u00e1rias \u00e0 boa conviv\u00eancia, e, de forma impl\u00edcita, exige cumplicidade.<\/h4>\n<h4>Considerando a fam\u00edlia como a nossa primeira sociedade, \u00e9 justamente a\u00ed que aprendemos a reconhecer a cumplicidade como virtude de sustenta\u00e7\u00e3o das rela\u00e7\u00f5es.<\/h4>\n<h4>O casal deve cultivar consider\u00e1vel parcela de cumplicidade, tanto em casa quanto em outras sociedades.<\/h4>\n<h4>Aquilo que o pai decidir em determinado momento ser\u00e1 validado pela m\u00e3e, mesmo que esta n\u00e3o esteja de acordo, e vice-versa. Posteriormente, o casal poder\u00e1 retomar o tema e discutir em particular, mas para os filhos a decis\u00e3o inicial prevalecer\u00e1. Esta postura de respeito m\u00fatuo consolidar\u00e1 a uni\u00e3o do casal e comunicar\u00e1 aos filhos a firmeza e a seguran\u00e7a que eles tanto necessitam para a sua forma\u00e7\u00e3o.<\/h4>\n<h4>Em ambientes alheios ao lar, cada membro do casal dever\u00e1 ter o cuidado de preservar a imagem um do outro, pois a ningu\u00e9m interessa compartilhar intimidades.<\/h4>\n<h4>No campo profissional, os colegas que desenvolvem a cumplicidade est\u00e3o em situa\u00e7\u00e3o privilegiada, uma vez que a mesma gera um clima de confian\u00e7a rec\u00edproca capaz de deixar fluir as potencialidades individuais, rendendo melhores resultados.<\/h4>\n<h4>\u00c9 importante ressaltar que no presente contexto cumplicidade n\u00e3o \u00e9 o mesmo que corporativismo nem compactuar com maus feitos, mas t\u00e3o somente consubstanciar de forma \u00e9tica a postura correta do outro.<\/h4>\n<h4>Quando presenciamos pais, apressadamente, procurando tirar satisfa\u00e7\u00f5es com professores pelo fato de o aluno ter sido repreendido por haver cometido um ato inadequado, identificamos a\u00ed a falta de cumplicidade dos pais para com a escola, uma institui\u00e7\u00e3o alinhada com os princ\u00edpios educacionais almejados, consciente ou inconscientemente, pelos pais, portanto, uma aliada no processo educacional do filho.<\/h4>\n<h4>O ideal \u00e9 que os pais, diante das queixas dos filhos, ratifiquem a posi\u00e7\u00e3o do professor, prometendo-lhe voltar ao assunto depois de conversar, cordialmente com a escola. Dessa forma o filho reconhece o respeito dos pais para consigo e para a escola, o que parece plenamente educativo, \u00e9tico e justo.<\/h4>\n<h4>Num mundo onde tudo acontece de modo muito r\u00e1pido e onde a sociedade familiar se ressente da presen\u00e7a dos pais, e os filhos carecem de limites, h\u00e1 de se contemplar a cumplicidade como \u201cliga\u201d indispens\u00e1vel na obten\u00e7\u00e3o das boas rela\u00e7\u00f5es nas diferentes modalidades de sociedade.<\/h4>\n<h4>Sebasti\u00e3o Saraiva<\/h4>\n<h4>M\u00e9dico e Hol\u00f3sofo<\/h4>\n<h4>Site: <a href=\"http:\/\/www.holosofia.com.br\">www.holosofia.com.br<\/a><\/h4>\n","protected":false},"excerpt":{"rendered":"<p>CUMPLICIDADE Publicado em 08\/03\/2008 &nbsp; O homem \u00e9 um animal social, isto \u00e9, vive em sociedade. Logo, ningu\u00e9m consegue viver isoladamente. N\u00f3s nascemos dentro de uma pequena sociedade, que \u00e9 a nossa fam\u00edlia. Depois, vamos para a escola, uma outra sociedade. Mais tarde entramos para o mercado de trabalho, e l\u00e1 estamos n\u00f3s noutra sociedade. &hellip;<\/p>\n<p class=\"read-more\"> <a class=\"\" href=\"https:\/\/holosofia.com.br\/?page_id=1387\"> <span class=\"screen-reader-text\">Holocoluna &#8211; 0079<\/span> Leia mais &raquo;<\/a><\/p>\n","protected":false},"author":1,"featured_media":0,"parent":0,"menu_order":0,"comment_status":"closed","ping_status":"closed","template":"","meta":{"_bbp_topic_count":0,"_bbp_reply_count":0,"_bbp_total_topic_count":0,"_bbp_total_reply_count":0,"_bbp_voice_count":0,"_bbp_anonymous_reply_count":0,"_bbp_topic_count_hidden":0,"_bbp_reply_count_hidden":0,"_bbp_forum_subforum_count":0,"om_disable_all_campaigns":false,"_uag_custom_page_level_css":"","_mi_skip_tracking":false,"_monsterinsights_sitenote_active":false,"_monsterinsights_sitenote_note":"","_monsterinsights_sitenote_category":0,"site-sidebar-layout":"default","site-content-layout":"default","ast-global-header-display":"","ast-main-header-display":"","ast-hfb-above-header-display":"","ast-hfb-below-header-display":"","ast-hfb-mobile-header-display":"","site-post-title":"","ast-breadcrumbs-content":"","ast-featured-img":"","footer-sml-layout":"","theme-transparent-header-meta":"default","adv-header-id-meta":"","stick-header-meta":"","header-above-stick-meta":"","header-main-stick-meta":"","header-below-stick-meta":"","footnotes":""},"class_list":["post-1387","page","type-page","status-publish","hentry"],"aioseo_notices":[],"uagb_featured_image_src":{"full":false,"thumbnail":false,"medium":false,"medium_large":false,"large":false,"post-slider-thumb-size":false,"1536x1536":false,"2048x2048":false},"uagb_author_info":{"display_name":"solucaopublicidades@hotmail.com","author_link":"https:\/\/holosofia.com.br\/?author=1"},"uagb_comment_info":0,"uagb_excerpt":"CUMPLICIDADE Publicado em 08\/03\/2008 &nbsp; O homem \u00e9 um animal social, isto \u00e9, vive em sociedade. Logo, ningu\u00e9m consegue viver isoladamente. N\u00f3s nascemos dentro de uma pequena sociedade, que \u00e9 a nossa fam\u00edlia. Depois, vamos para a escola, uma outra sociedade. Mais tarde entramos para o mercado de trabalho, e l\u00e1 estamos n\u00f3s noutra sociedade.&hellip;","_links":{"self":[{"href":"https:\/\/holosofia.com.br\/index.php?rest_route=\/wp\/v2\/pages\/1387","targetHints":{"allow":["GET"]}}],"collection":[{"href":"https:\/\/holosofia.com.br\/index.php?rest_route=\/wp\/v2\/pages"}],"about":[{"href":"https:\/\/holosofia.com.br\/index.php?rest_route=\/wp\/v2\/types\/page"}],"author":[{"embeddable":true,"href":"https:\/\/holosofia.com.br\/index.php?rest_route=\/wp\/v2\/users\/1"}],"replies":[{"embeddable":true,"href":"https:\/\/holosofia.com.br\/index.php?rest_route=%2Fwp%2Fv2%2Fcomments&post=1387"}],"version-history":[{"count":1,"href":"https:\/\/holosofia.com.br\/index.php?rest_route=\/wp\/v2\/pages\/1387\/revisions"}],"predecessor-version":[{"id":1388,"href":"https:\/\/holosofia.com.br\/index.php?rest_route=\/wp\/v2\/pages\/1387\/revisions\/1388"}],"wp:attachment":[{"href":"https:\/\/holosofia.com.br\/index.php?rest_route=%2Fwp%2Fv2%2Fmedia&parent=1387"}],"curies":[{"name":"wp","href":"https:\/\/api.w.org\/{rel}","templated":true}]}}