{"id":1253,"date":"2023-02-07T01:47:43","date_gmt":"2023-02-07T01:47:43","guid":{"rendered":"https:\/\/holosofia.com.br\/?page_id=1253"},"modified":"2023-03-25T14:11:48","modified_gmt":"2023-03-25T14:11:48","slug":"holocoluna-0068","status":"publish","type":"page","link":"https:\/\/holosofia.com.br\/?page_id=1253","title":{"rendered":"Holocoluna &#8211; 0068"},"content":{"rendered":"<ol start=\"68\">\n<li>\n<h3>A CRIAN\u00c7A<\/h3>\n<\/li>\n<\/ol>\n<h3 style=\"text-align: right;\">Publicado em 10\/11\/2007<\/h3>\n<p>&nbsp;<\/p>\n<h4>Segundo a Organiza\u00e7\u00e3o Mundial de Sa\u00fade (OMS), sa\u00fade \u00e9, al\u00e9m da aus\u00eancia de doen\u00e7a, a sensa\u00e7\u00e3o de bem-estar f\u00edsico, mental e social. O Programa Holos\u00f3fico de Sa\u00fade (PHS) abra\u00e7a esta defini\u00e7\u00e3o e acrescenta&#8230; <strong>e espiritual.<\/strong><\/h4>\n<h4>Naturalmente, quando se fala em crian\u00e7a, logo se pensa em sa\u00fade. Uma crian\u00e7a com sa\u00fade. Acrian\u00e7a saud\u00e1vel \u00e9 alegre, ativa e feliz. Sa\u00fade plena (saudena) \u00e9 sin\u00f4nima de felicidade.<\/h4>\n<h4>Como vimos no artigo passado \u2013 <em>O Rec\u00e9m-nascido (RN)<\/em> \u2013, o leite materno nutre plenamente o RN, deixando-o tranq\u00fcilo, seguro e feliz. Este desejo de felicidade, traduzido pela amamenta\u00e7\u00e3o, deve perdurar por toda a vida da crian\u00e7a, atrav\u00e9s das palavras e atitudes dos pais.<\/h4>\n<h4>A aus\u00eancia de doen\u00e7a se obt\u00e9m pelos cuidados rigorosos \u2013 <em>n\u00e3o neur\u00f3ticos<\/em> \u2013 de higiene, pela boa alimenta\u00e7\u00e3o e pela vacina\u00e7\u00e3o; a sensa\u00e7\u00e3o de bem-estar f\u00edsico, mental, social e espiritual se conquista com medidas pr\u00f3prias, espec\u00edficas, a serem transformadas em sentimentos, em sensa\u00e7\u00f5es. Neste particular destacam-se as boas rela\u00e7\u00f5es.<\/h4>\n<h4>As boas rela\u00e7\u00f5es consistem, fundamentalmente, na ternura, no respeito, na delicadeza, na gentileza e no carinho com que o casal se relaciona.<\/h4>\n<h4>O exerc\u00edcio desta pr\u00e1tica no \u00e2mbito familiar se estende, naturalmente, para o meio social, onde o casal dispensar\u00e1 aos amigos um tratamento fraterno, com muita aten\u00e7\u00e3o, considera\u00e7\u00e3o, solidariedade e afeto; os temas abordados nos encontros quase sempre se relacionam com situa\u00e7\u00f5es positivas e construtivas, enaltecendo-se as virtudes das pessoas e elogiando-se os ausentes, aqueles de quem se fala; as boas rela\u00e7\u00f5es profissionais contemplam a responsabilidade, a sinceridade, a humildade, a honestidade, a coopera\u00e7\u00e3o, o bom humor, o comprometimento com o que se faz, a discri\u00e7\u00e3o e a \u00e9tica.<\/h4>\n<h4>A f\u00e9 e a esperan\u00e7a cultivadas no lar, atrav\u00e9s de ora\u00e7\u00f5es, e presentes nas a\u00e7\u00f5es do dia-a-dia do casal, numa fiel manifesta\u00e7\u00e3o de amor ao pr\u00f3ximo, tornam-se o testemunho da sua espiritualidade e da sua proximidade com Deus.<\/h4>\n<h4>O modelo de pais acima descrito \u00e9 uma parte daquilo que a crian\u00e7a precisa para sentir a sensa\u00e7\u00e3o de bem-estar f\u00edsico, mental, social e espiritual.<\/h4>\n<h4>A outra parte \u2013 <em>que completa o todo<\/em> \u2013 est\u00e1 representada pela forma com que a crian\u00e7a \u00e9 tratada nos diferentes momentos da sua vida, considerando-se as suas necessidades l\u00fadicas \u2013 <em>brincar, correr, pular, gritar, cantar<\/em> \u2013, sua necessidade de afeto e contato f\u00edsico \u2013 <em>di\u00e1logo, carinho, beijos e abra\u00e7os e \u201clutas\u201d corporais<\/em> \u2013 sua necessidade de disciplina \u2013 aten\u00e7\u00e3o <em>ao hor\u00e1rio das realiza\u00e7\u00f5es di\u00e1rias e cumprimento das tarefas de rotina<\/em> \u2013 sua necessidade de limites \u2013 <em>saber seus direitos e deveres e at\u00e9 onde pode ir<\/em> \u2013 sua necessidade de respeito ao outro \u2013 <em>pessoas mais velhas, familiares, amigos e colegas<\/em> \u2013 sua necessidade de reconhecimento de autoridade \u2013 <em>dos pais, diretores, professores.<\/em> Mas tudo com amor e convencimento, nunca pela grosseria e imposi\u00e7\u00e3o.<\/h4>\n<h4>E esta sensa\u00e7\u00e3o de bem-estar nos quatro planos ser\u00e1 internalizada e tornada um patrim\u00f4nio existencial a ser repassado por essa crian\u00e7a \u00e0s futuras gera\u00e7\u00f5es. Surgir\u00e1 Nova Humanidade.<\/h4>\n<h4>S\u00f3 damos o temos, e s\u00f3 temos o que recebemos.<\/h4>\n<h4><em>Sebasti\u00e3o Saraiva<\/em><\/h4>\n<h4><em>M\u00e9dico e Hol\u00f3sofo<\/em><\/h4>\n","protected":false},"excerpt":{"rendered":"<p>A CRIAN\u00c7A Publicado em 10\/11\/2007 &nbsp; Segundo a Organiza\u00e7\u00e3o Mundial de Sa\u00fade (OMS), sa\u00fade \u00e9, al\u00e9m da aus\u00eancia de doen\u00e7a, a sensa\u00e7\u00e3o de bem-estar f\u00edsico, mental e social. O Programa Holos\u00f3fico de Sa\u00fade (PHS) abra\u00e7a esta defini\u00e7\u00e3o e acrescenta&#8230; e espiritual. Naturalmente, quando se fala em crian\u00e7a, logo se pensa em sa\u00fade. Uma crian\u00e7a com &hellip;<\/p>\n<p class=\"read-more\"> <a class=\"\" href=\"https:\/\/holosofia.com.br\/?page_id=1253\"> <span class=\"screen-reader-text\">Holocoluna &#8211; 0068<\/span> Leia mais &raquo;<\/a><\/p>\n","protected":false},"author":1,"featured_media":0,"parent":0,"menu_order":0,"comment_status":"closed","ping_status":"closed","template":"","meta":{"_bbp_topic_count":0,"_bbp_reply_count":0,"_bbp_total_topic_count":0,"_bbp_total_reply_count":0,"_bbp_voice_count":0,"_bbp_anonymous_reply_count":0,"_bbp_topic_count_hidden":0,"_bbp_reply_count_hidden":0,"_bbp_forum_subforum_count":0,"om_disable_all_campaigns":false,"_uag_custom_page_level_css":"","_mi_skip_tracking":false,"_monsterinsights_sitenote_active":false,"_monsterinsights_sitenote_note":"","_monsterinsights_sitenote_category":0,"site-sidebar-layout":"default","site-content-layout":"default","ast-global-header-display":"","ast-main-header-display":"","ast-hfb-above-header-display":"","ast-hfb-below-header-display":"","ast-hfb-mobile-header-display":"","site-post-title":"","ast-breadcrumbs-content":"","ast-featured-img":"","footer-sml-layout":"","theme-transparent-header-meta":"default","adv-header-id-meta":"","stick-header-meta":"","header-above-stick-meta":"","header-main-stick-meta":"","header-below-stick-meta":"","footnotes":""},"class_list":["post-1253","page","type-page","status-publish","hentry"],"aioseo_notices":[],"uagb_featured_image_src":{"full":false,"thumbnail":false,"medium":false,"medium_large":false,"large":false,"post-slider-thumb-size":false,"1536x1536":false,"2048x2048":false},"uagb_author_info":{"display_name":"solucaopublicidades@hotmail.com","author_link":"https:\/\/holosofia.com.br\/?author=1"},"uagb_comment_info":0,"uagb_excerpt":"A CRIAN\u00c7A Publicado em 10\/11\/2007 &nbsp; Segundo a Organiza\u00e7\u00e3o Mundial de Sa\u00fade (OMS), sa\u00fade \u00e9, al\u00e9m da aus\u00eancia de doen\u00e7a, a sensa\u00e7\u00e3o de bem-estar f\u00edsico, mental e social. O Programa Holos\u00f3fico de Sa\u00fade (PHS) abra\u00e7a esta defini\u00e7\u00e3o e acrescenta&#8230; e espiritual. Naturalmente, quando se fala em crian\u00e7a, logo se pensa em sa\u00fade. Uma crian\u00e7a com&hellip;","_links":{"self":[{"href":"https:\/\/holosofia.com.br\/index.php?rest_route=\/wp\/v2\/pages\/1253","targetHints":{"allow":["GET"]}}],"collection":[{"href":"https:\/\/holosofia.com.br\/index.php?rest_route=\/wp\/v2\/pages"}],"about":[{"href":"https:\/\/holosofia.com.br\/index.php?rest_route=\/wp\/v2\/types\/page"}],"author":[{"embeddable":true,"href":"https:\/\/holosofia.com.br\/index.php?rest_route=\/wp\/v2\/users\/1"}],"replies":[{"embeddable":true,"href":"https:\/\/holosofia.com.br\/index.php?rest_route=%2Fwp%2Fv2%2Fcomments&post=1253"}],"version-history":[{"count":2,"href":"https:\/\/holosofia.com.br\/index.php?rest_route=\/wp\/v2\/pages\/1253\/revisions"}],"predecessor-version":[{"id":1350,"href":"https:\/\/holosofia.com.br\/index.php?rest_route=\/wp\/v2\/pages\/1253\/revisions\/1350"}],"wp:attachment":[{"href":"https:\/\/holosofia.com.br\/index.php?rest_route=%2Fwp%2Fv2%2Fmedia&parent=1253"}],"curies":[{"name":"wp","href":"https:\/\/api.w.org\/{rel}","templated":true}]}}