{"id":1199,"date":"2023-02-07T01:27:39","date_gmt":"2023-02-07T01:27:39","guid":{"rendered":"https:\/\/holosofia.com.br\/?page_id=1199"},"modified":"2023-03-25T14:02:40","modified_gmt":"2023-03-25T14:02:40","slug":"holocoluna-0058","status":"publish","type":"page","link":"https:\/\/holosofia.com.br\/?page_id=1199","title":{"rendered":"Holocoluna &#8211; 0058"},"content":{"rendered":"<ol start=\"58\">\n<li>\n<h3>O PROFESSOR<\/h3>\n<\/li>\n<\/ol>\n<h3 style=\"text-align: right;\">Publicado em 01\/09\/2007<\/h3>\n<p>&nbsp;<\/p>\n<h4>O professor \u00e9 a pessoa que escolheu dedicar a sua vida \u00e0 condu\u00e7\u00e3o da luz do conhecimento rumo \u00e0 extin\u00e7\u00e3o da escurid\u00e3o da ignor\u00e2ncia.<\/h4>\n<h4>Esta profiss\u00e3o se constitui numa permanente atividade pr\u00e1tica de altru\u00edsmo e de amor ao pr\u00f3ximo.<\/h4>\n<h4>A arte de ensinar n\u00e3o se restringe apenas \u00e0 transmiss\u00e3o de informa\u00e7\u00f5es ou conhecimentos na sala de aula, mas, tamb\u00e9m, \u00e0 passagem de atributos pr\u00f3prios da pessoa do professor \u2013 <em>higiene pessoal, boa apar\u00eancia, bom humor, empatia, amizade, compreens\u00e3o, responsabilidade, compromisso, pontualidade, dedica\u00e7\u00e3o, disciplina, educa\u00e7\u00e3o, respeito ao outro, sensatez, honestidade, justi\u00e7a, compet\u00eancia e \u00e9tica<\/em> \u2013 aos seus disc\u00edpulos. Isto faz do mestre um modelo a ser seguido.<\/h4>\n<h4>Logo, o professor tem a sublime e dupla tarefa de informar e formar o cidad\u00e3o.<\/h4>\n<h4>A partir desta compreens\u00e3o torna-se f\u00e1cil concluir pela necessidade de se distinguir o professor como criatura humana especial, a come\u00e7ar pela promo\u00e7\u00e3o e manuten\u00e7\u00e3o da sua sa\u00fade, pois a solu\u00e7\u00e3o dos problemas educacionais quase sempre envolve situa\u00e7\u00f5es relacionais, culminando com significativo desgaste f\u00edsico, mental e emocional.<\/h4>\n<h4>Mas o que \u00e9 Sa\u00fade? Sa\u00fade \u2013 <em>segundo a Organiza\u00e7\u00e3o Mundial de Sa\u00fade (OMS)<\/em> \u2013 \u00e9, al\u00e9m da aus\u00eancia de doen\u00e7a, a sensa\u00e7\u00e3o de bem-estar f\u00edsico, mental e social. O Programa Holos\u00f3fico de Sa\u00fade (PHS) acrescenta&#8230; e espiritual.<\/h4>\n<h4>A sa\u00fade do professor, pois, implica, fundamentalmente, num ambiente de trabalho harm\u00f4nico e fraterno, portanto, capaz de lhe proporcionar sensa\u00e7\u00e3o de bem-estar f\u00edsico, mental, social e espiritual. Este \u00e9 o ponto!<\/h4>\n<h4>O fato de o professor trabalhar com informa\u00e7\u00f5es, ora recebendo ora transmitindo, faz com que o desenvolvimento do pensamento cr\u00edtico seja uma das suas principais caracter\u00edsticas, o que lhe confere menor vulnerabilidade \u00e0s influ\u00eancias negativas externas nos ambientes familiar, trabalhista e social. Mas h\u00e1 de se estar alerta!<\/h4>\n<h4>Embora o professor do Curso Fundamental tenha carga hor\u00e1ria e ambiente de trabalho razo\u00e1veis, o sal\u00e1rio \u00e9 sempre min\u00fasculo, chegando \u00e0s raias do rid\u00edculo em algumas cidades do interior brasileiro.<\/h4>\n<h4>O profissional da educa\u00e7\u00e3o do Curso M\u00e9dio para conseguir remunera\u00e7\u00e3o tamb\u00e9m m\u00e9dia pratica o maior malabarismo entre uma escola e outra.<\/h4>\n<h4>J\u00e1 o professor do Curso Superior sente-se obrigado a conciliar o n\u00famero de aulas com o tempo necess\u00e1rio ao estudo e atualiza\u00e7\u00e3o, valendo-se do sentimento de idealista para minimizar as preocupa\u00e7\u00f5es financeiras geradas por honor\u00e1rios defasados.<\/h4>\n<h4>Por fim, resta ao professor juntar-se aos seus pares e, com maturidade, companheirismo e cumplicidade, preservar o mais precioso dos seus patrim\u00f4nios, a sa\u00fade. E, isto s\u00f3 \u00e9 poss\u00edvel com muita uni\u00e3o e sem qualquer tra\u00e7o de competi\u00e7\u00e3o ou ego\u00edsmo.<\/h4>\n<h4>Uma vez professor, professor at\u00e9 morrer! Ent\u00e3o, todos por um e um por todos!<\/h4>\n<h4>Enquanto isso viva as boas rela\u00e7\u00f5es no trabalho! Viva a sa\u00fade! Viva a vida!<\/h4>\n<h4 style=\"text-align: right;\"><em>Sebasti\u00e3o Saraiva<\/em><\/h4>\n<h4 style=\"text-align: right;\"><em>M\u00e9dico e Hol\u00f3sofo<\/em><\/h4>\n","protected":false},"excerpt":{"rendered":"<p>O PROFESSOR Publicado em 01\/09\/2007 &nbsp; O professor \u00e9 a pessoa que escolheu dedicar a sua vida \u00e0 condu\u00e7\u00e3o da luz do conhecimento rumo \u00e0 extin\u00e7\u00e3o da escurid\u00e3o da ignor\u00e2ncia. Esta profiss\u00e3o se constitui numa permanente atividade pr\u00e1tica de altru\u00edsmo e de amor ao pr\u00f3ximo. A arte de ensinar n\u00e3o se restringe apenas \u00e0 transmiss\u00e3o &hellip;<\/p>\n<p class=\"read-more\"> <a class=\"\" href=\"https:\/\/holosofia.com.br\/?page_id=1199\"> <span class=\"screen-reader-text\">Holocoluna &#8211; 0058<\/span> Leia mais &raquo;<\/a><\/p>\n","protected":false},"author":1,"featured_media":0,"parent":0,"menu_order":0,"comment_status":"closed","ping_status":"closed","template":"","meta":{"_bbp_topic_count":0,"_bbp_reply_count":0,"_bbp_total_topic_count":0,"_bbp_total_reply_count":0,"_bbp_voice_count":0,"_bbp_anonymous_reply_count":0,"_bbp_topic_count_hidden":0,"_bbp_reply_count_hidden":0,"_bbp_forum_subforum_count":0,"om_disable_all_campaigns":false,"_uag_custom_page_level_css":"","_mi_skip_tracking":false,"_monsterinsights_sitenote_active":false,"_monsterinsights_sitenote_note":"","_monsterinsights_sitenote_category":0,"site-sidebar-layout":"default","site-content-layout":"default","ast-global-header-display":"","ast-main-header-display":"","ast-hfb-above-header-display":"","ast-hfb-below-header-display":"","ast-hfb-mobile-header-display":"","site-post-title":"","ast-breadcrumbs-content":"","ast-featured-img":"","footer-sml-layout":"","theme-transparent-header-meta":"default","adv-header-id-meta":"","stick-header-meta":"","header-above-stick-meta":"","header-main-stick-meta":"","header-below-stick-meta":"","footnotes":""},"class_list":["post-1199","page","type-page","status-publish","hentry"],"aioseo_notices":[],"uagb_featured_image_src":{"full":false,"thumbnail":false,"medium":false,"medium_large":false,"large":false,"post-slider-thumb-size":false,"1536x1536":false,"2048x2048":false},"uagb_author_info":{"display_name":"solucaopublicidades@hotmail.com","author_link":"https:\/\/holosofia.com.br\/?author=1"},"uagb_comment_info":0,"uagb_excerpt":"O PROFESSOR Publicado em 01\/09\/2007 &nbsp; O professor \u00e9 a pessoa que escolheu dedicar a sua vida \u00e0 condu\u00e7\u00e3o da luz do conhecimento rumo \u00e0 extin\u00e7\u00e3o da escurid\u00e3o da ignor\u00e2ncia. Esta profiss\u00e3o se constitui numa permanente atividade pr\u00e1tica de altru\u00edsmo e de amor ao pr\u00f3ximo. A arte de ensinar n\u00e3o se restringe apenas \u00e0 transmiss\u00e3o&hellip;","_links":{"self":[{"href":"https:\/\/holosofia.com.br\/index.php?rest_route=\/wp\/v2\/pages\/1199","targetHints":{"allow":["GET"]}}],"collection":[{"href":"https:\/\/holosofia.com.br\/index.php?rest_route=\/wp\/v2\/pages"}],"about":[{"href":"https:\/\/holosofia.com.br\/index.php?rest_route=\/wp\/v2\/types\/page"}],"author":[{"embeddable":true,"href":"https:\/\/holosofia.com.br\/index.php?rest_route=\/wp\/v2\/users\/1"}],"replies":[{"embeddable":true,"href":"https:\/\/holosofia.com.br\/index.php?rest_route=%2Fwp%2Fv2%2Fcomments&post=1199"}],"version-history":[{"count":2,"href":"https:\/\/holosofia.com.br\/index.php?rest_route=\/wp\/v2\/pages\/1199\/revisions"}],"predecessor-version":[{"id":1340,"href":"https:\/\/holosofia.com.br\/index.php?rest_route=\/wp\/v2\/pages\/1199\/revisions\/1340"}],"wp:attachment":[{"href":"https:\/\/holosofia.com.br\/index.php?rest_route=%2Fwp%2Fv2%2Fmedia&parent=1199"}],"curies":[{"name":"wp","href":"https:\/\/api.w.org\/{rel}","templated":true}]}}