{"id":1135,"date":"2023-01-30T23:59:50","date_gmt":"2023-01-30T23:59:50","guid":{"rendered":"https:\/\/holosofia.com.br\/?page_id=1135"},"modified":"2023-03-25T13:39:52","modified_gmt":"2023-03-25T13:39:52","slug":"holocoluna-0046","status":"publish","type":"page","link":"https:\/\/holosofia.com.br\/?page_id=1135","title":{"rendered":"Holocoluna &#8211; 0046"},"content":{"rendered":"<ol start=\"46\">\n<li>\n<h3>X CAP\u00cdTULO &#8211; FALTA DE APETITE<\/h3>\n<\/li>\n<\/ol>\n<h3 style=\"text-align: right;\">Publicado em 12\/05\/2007<\/h3>\n<p>&nbsp;<\/p>\n<h4>A falta de apetite se constitui na mais freq\u00fcente queixa das m\u00e3es, no consult\u00f3rio de pediatria.<\/h4>\n<h4>Inicialmente, por quest\u00e3o de justi\u00e7a, conv\u00e9m explicar que tal comportamento \u00e9 universal, ou seja, as m\u00e3es do mundo inteiro externam grande preocupa\u00e7\u00e3o diante do menor sinal de pouca aceita\u00e7\u00e3o alimentar do seu filho.<\/h4>\n<h4>Esta \u00e9 uma quest\u00e3o psicol\u00f3gica perene; ela se deve ao fato da m\u00e3e ter sido respons\u00e1vel direta, embora de forma involunt\u00e1ria, pela nutri\u00e7\u00e3o da crian\u00e7a (feto) ao longo do per\u00edodo gestacional, atrav\u00e9s do cord\u00e3o umbilical, tendo esta responsabilidade se continuado, agora, por decis\u00e3o pessoal, ap\u00f3s o nascimento, num primeiro momento, atrav\u00e9s da amamenta\u00e7\u00e3o, e, mais tarde, pelo preparo adequado da alimenta\u00e7\u00e3o nas diferentes etapas evolutivas do pr\u00f3prio.<\/h4>\n<h4>Portanto, este sentimento de prover o filho como ferramenta de garantia da continuidade da vida tende a se perpetuar. A m\u00e3e v\u00ea materializada a manuten\u00e7\u00e3o da vida de sua cria mediante a aceita\u00e7\u00e3o plena de tudo aquilo que lhe \u00e9 oferecido como alimento.<\/h4>\n<h4>Contudo, a exacerba\u00e7\u00e3o da preocupa\u00e7\u00e3o com a falta de apetite, especialmente quando ela n\u00e3o existe, pode significar sentimento de culpa em rela\u00e7\u00e3o \u00e0 vitalidade da crian\u00e7a em algum momento da gravidez, mormente na indesejada, ou quando o parto ocorreu prematuramente. Tamb\u00e9m, pode falar por uma inseguran\u00e7a da mulher, como m\u00e3e ou como pessoa.<\/h4>\n<h4>Assim, diante dessa consagrada queixa, deve o pediatra ser cauteloso para diferenciar a real falta de apetite \u2013 <em>causada por doen\u00e7as org\u00e2nicas ou psicol\u00f3gicas<\/em> \u2013 de uma situa\u00e7\u00e3o imagin\u00e1ria da m\u00e3e.<\/h4>\n<h4>A doen\u00e7a org\u00e2nica mais relacionada com a falta de apetite na inf\u00e2ncia \u00e9 a infec\u00e7\u00e3o urin\u00e1ria. E geralmente a crian\u00e7a exibe palidez da pele e a m\u00e3e refere perda de peso nos \u00faltimos dias. Isto \u00e9 suficiente para o pediatra se apressar em solicitar o exame de urina Tipo I, muitas das vezes j\u00e1 pedindo a urocultura com antibiograma tamb\u00e9m.<\/h4>\n<h4>Quando confirmado o diagn\u00f3stico de infec\u00e7\u00e3o, logo o tratamento \u00e9 institu\u00eddo e a medica\u00e7\u00e3o \u00e9 escolhida entre aquelas sugeridas como sens\u00edveis pelo antibiograma.<\/h4>\n<h4>Ap\u00f3s trinta dias do t\u00e9rmino da antibioticoterapia os exames s\u00e3o repetidos e, quando continuamente negativos durante dois anos, conclui-se como cura completa do processo infeccioso.<\/h4>\n<h4>A falta de apetite por quest\u00f5es psicol\u00f3gicas est\u00e1 associada a sentimento de rejei\u00e7\u00e3o, pouca aten\u00e7\u00e3o recebida, aus\u00eancia f\u00edsica da m\u00e3e ou do pai ou de outra pessoa do seu ambiente familiar, com quem mantenha razo\u00e1vel v\u00ednculo afetivo. A crian\u00e7a maior pode usar desse expediente para chamar a aten\u00e7\u00e3o ou para denotar alguma insatisfa\u00e7\u00e3o pessoal.<\/h4>\n<h4>De qualquer forma, vale ressaltar que, como qualquer queixa pertinente \u00e0 crian\u00e7a, deve a falta de apetite ser levada em considera\u00e7\u00e3o, independentemente daquilo que venha parecer ao m\u00e9dico, pois a boa rela\u00e7\u00e3o m\u00e9dico-paciente \u00e9 fundamental para o \u00eaxito final do tratamento e o reconhecimento da sua postura \u00e9tico-profissional.<\/h4>\n<h4>Converse e confie no seu m\u00e9dico.<\/h4>\n<h4 style=\"text-align: right;\">Sebasti\u00e3o Saraiva<\/h4>\n<h4 style=\"text-align: right;\">M\u00e9dico e Hol\u00f3sofo<\/h4>\n","protected":false},"excerpt":{"rendered":"<p>X CAP\u00cdTULO &#8211; FALTA DE APETITE Publicado em 12\/05\/2007 &nbsp; A falta de apetite se constitui na mais freq\u00fcente queixa das m\u00e3es, no consult\u00f3rio de pediatria. Inicialmente, por quest\u00e3o de justi\u00e7a, conv\u00e9m explicar que tal comportamento \u00e9 universal, ou seja, as m\u00e3es do mundo inteiro externam grande preocupa\u00e7\u00e3o diante do menor sinal de pouca aceita\u00e7\u00e3o &hellip;<\/p>\n<p class=\"read-more\"> <a class=\"\" href=\"https:\/\/holosofia.com.br\/?page_id=1135\"> <span class=\"screen-reader-text\">Holocoluna &#8211; 0046<\/span> Leia mais &raquo;<\/a><\/p>\n","protected":false},"author":1,"featured_media":0,"parent":0,"menu_order":0,"comment_status":"closed","ping_status":"closed","template":"","meta":{"_bbp_topic_count":0,"_bbp_reply_count":0,"_bbp_total_topic_count":0,"_bbp_total_reply_count":0,"_bbp_voice_count":0,"_bbp_anonymous_reply_count":0,"_bbp_topic_count_hidden":0,"_bbp_reply_count_hidden":0,"_bbp_forum_subforum_count":0,"om_disable_all_campaigns":false,"_uag_custom_page_level_css":"","_mi_skip_tracking":false,"_monsterinsights_sitenote_active":false,"_monsterinsights_sitenote_note":"","_monsterinsights_sitenote_category":0,"site-sidebar-layout":"default","site-content-layout":"default","ast-global-header-display":"","ast-main-header-display":"","ast-hfb-above-header-display":"","ast-hfb-below-header-display":"","ast-hfb-mobile-header-display":"","site-post-title":"","ast-breadcrumbs-content":"","ast-featured-img":"","footer-sml-layout":"","theme-transparent-header-meta":"default","adv-header-id-meta":"","stick-header-meta":"","header-above-stick-meta":"","header-main-stick-meta":"","header-below-stick-meta":"","footnotes":""},"class_list":["post-1135","page","type-page","status-publish","hentry"],"aioseo_notices":[],"uagb_featured_image_src":{"full":false,"thumbnail":false,"medium":false,"medium_large":false,"large":false,"post-slider-thumb-size":false,"1536x1536":false,"2048x2048":false},"uagb_author_info":{"display_name":"solucaopublicidades@hotmail.com","author_link":"https:\/\/holosofia.com.br\/?author=1"},"uagb_comment_info":0,"uagb_excerpt":"X CAP\u00cdTULO &#8211; FALTA DE APETITE Publicado em 12\/05\/2007 &nbsp; A falta de apetite se constitui na mais freq\u00fcente queixa das m\u00e3es, no consult\u00f3rio de pediatria. Inicialmente, por quest\u00e3o de justi\u00e7a, conv\u00e9m explicar que tal comportamento \u00e9 universal, ou seja, as m\u00e3es do mundo inteiro externam grande preocupa\u00e7\u00e3o diante do menor sinal de pouca aceita\u00e7\u00e3o&hellip;","_links":{"self":[{"href":"https:\/\/holosofia.com.br\/index.php?rest_route=\/wp\/v2\/pages\/1135","targetHints":{"allow":["GET"]}}],"collection":[{"href":"https:\/\/holosofia.com.br\/index.php?rest_route=\/wp\/v2\/pages"}],"about":[{"href":"https:\/\/holosofia.com.br\/index.php?rest_route=\/wp\/v2\/types\/page"}],"author":[{"embeddable":true,"href":"https:\/\/holosofia.com.br\/index.php?rest_route=\/wp\/v2\/users\/1"}],"replies":[{"embeddable":true,"href":"https:\/\/holosofia.com.br\/index.php?rest_route=%2Fwp%2Fv2%2Fcomments&post=1135"}],"version-history":[{"count":2,"href":"https:\/\/holosofia.com.br\/index.php?rest_route=\/wp\/v2\/pages\/1135\/revisions"}],"predecessor-version":[{"id":1328,"href":"https:\/\/holosofia.com.br\/index.php?rest_route=\/wp\/v2\/pages\/1135\/revisions\/1328"}],"wp:attachment":[{"href":"https:\/\/holosofia.com.br\/index.php?rest_route=%2Fwp%2Fv2%2Fmedia&parent=1135"}],"curies":[{"name":"wp","href":"https:\/\/api.w.org\/{rel}","templated":true}]}}