{"id":1095,"date":"2023-01-11T11:22:38","date_gmt":"2023-01-11T11:22:38","guid":{"rendered":"https:\/\/holosofia.com.br\/?page_id=1095"},"modified":"2023-03-25T13:29:58","modified_gmt":"2023-03-25T13:29:58","slug":"holocoluna-0041","status":"publish","type":"page","link":"https:\/\/holosofia.com.br\/?page_id=1095","title":{"rendered":"Holocoluna &#8211; 0041"},"content":{"rendered":"<h2>41-V CAP\u00cdTULO: \u00a0V\u00d4MITO<\/h2>\n<p>&nbsp;<\/p>\n<h3 style=\"text-align: right;\">Publicado em 24\/03\/2007<\/h3>\n<p>&nbsp;<\/p>\n<h3>O v\u00f4mito \u00e9 caracterizado pela elimina\u00e7\u00e3o de subst\u00e2ncias provenientes do est\u00f4mago; ele pode significar uma rejei\u00e7\u00e3o ao alimento recebido ou simplesmente denunciar um excesso do que lhe foi ofertado.<\/h3>\n<h3>A pr\u00e1tica da aspira\u00e7\u00e3o g\u00e1strica do rec\u00e9m-nascido logo ap\u00f3s o parto, a partir da d\u00e9cada de 70, veio permitir o diagn\u00f3stico precoce da exist\u00eancia de defeito na parte alta do tubo digestivo, denominada atresia do es\u00f4fago, a qual era reconhecida at\u00e9 ent\u00e3o pela presen\u00e7a de espuma arejada na boca do beb\u00ea.<\/h3>\n<h3>Quando o v\u00f4mito se instala ap\u00f3s a primeira mamada o pediatra busca verificar a causa e esclarecer \u00e0 m\u00e3e sobre o fato.<\/h3>\n<h3>Vale ressaltar a diferencia entre regurgita\u00e7\u00e3o e v\u00f4mito. O primeiro se caracteriza por uma pequena quantidade de leite que escorre da boca do rec\u00e9m-nascido, quando deitado imediatamente ap\u00f3s a mamada e que, tendo engolido muito ar, n\u00e3o lhe puseram para eructar, arrotar; e o segundo denota um processo mais explosivo, observa-se o lan\u00e7amento \u00e0 dist\u00e2ncia um volume maior do leite ingerido e o beb\u00ea expressa no seu semblante um sinal de sofrimento ou mal-estar.<\/h3>\n<h3>Em se tratando de rec\u00e9m-nascido alimentado com leite n\u00e3o-materno, o v\u00f4mito pode traduzir intoler\u00e2ncia alimentar ou alergia ao leite recebido.<\/h3>\n<h3>Enquanto isso, na crian\u00e7a maior, o v\u00f4mito chama a aten\u00e7\u00e3o para uma dieta inadequada; quase sempre se verifica um card\u00e1pio que contempla frituras ou alimentos em conserva \u2013 <em>ling\u00fci\u00e7a, salsicha, presunto, mortadela e salame<\/em>.<\/h3>\n<h3>N\u00e3o raro, derivados do leite \u2013 <em>iorgute e danone<\/em> \u2013, que exigem baixas temperaturas permanentemente, s\u00e3o respons\u00e1veis pelo v\u00f4mito.<\/h3>\n<h3>Por quest\u00f5es did\u00e1ticas, devemos citar o v\u00f4mito provocado, seja por tosse ou por subst\u00e2ncias de odor insuport\u00e1vel. Neste caso diz-se que o v\u00f4mito n\u00e3o \u00e9 essencial, mas secund\u00e1rio, isto \u00e9, o fator desencadeante n\u00e3o se constitui num componente pertinente ao aparelho digestivo. Logo, n\u00e3o lhe \u00e9 reservado qualquer medicamento espec\u00edfico.<\/h3>\n<h3>Naturalmente, o v\u00f4mito pode se fazer presente como parte do quadro de in\u00fameras doen\u00e7as, expressando, portanto, uma situa\u00e7\u00e3o reacional, por isso secund\u00e1rio tamb\u00e9m.<\/h3>\n<h3>O v\u00f4mito imp\u00f5e ao organismo dois preju\u00edzos relevantes. Primeiro impede a ingest\u00e3o alimentar; e segundo promove a desidrata\u00e7\u00e3o, perda de l\u00edquido e subst\u00e2ncias org\u00e2nicas. Da\u00ed a sua import\u00e2ncia, principalmente na Pediatria, pois a crian\u00e7a mobiliza, em termos proporcionais, um volume de l\u00edquido maior do que a pessoa adulta.<\/h3>\n<h3>O tratamento do v\u00f4mito decorrente de defeitos do aparelho digestivo se faz atrav\u00e9s de cirurgia; quando secund\u00e1rio obt\u00e9m-se o seu desaparecimento mediante o afastamento do fator causal; e o essencial pede solu\u00e7\u00f5es re-hidratantes por veia ou via oral, e medica\u00e7\u00e3o \u2013 <em>anti-em\u00e9tica<\/em> \u2013 para cortar o v\u00f4mito, a crit\u00e9rio do seu m\u00e9dico.<\/h3>\n<h3>O prop\u00f3sito deste cap\u00edtulo \u00e9 dar \u00eanfase \u00e0 import\u00e2ncia de uma alimenta\u00e7\u00e3o adequada aos diferentes momentos da crian\u00e7a, a come\u00e7ar pelo leite materno, e, posteriormente, preferindo as frutas, verduras, legumes, peixe, frango e cereais, sempre com pouco sal e pouca gordura.<\/h3>\n<h3 style=\"text-align: right;\"><em>Sebasti\u00e3o Saraiva<\/em><\/h3>\n<h3 style=\"text-align: right;\"><em>M\u00e9dico e Hol\u00f3sofo<\/em><\/h3>\n","protected":false},"excerpt":{"rendered":"<p>41-V CAP\u00cdTULO: \u00a0V\u00d4MITO &nbsp; Publicado em 24\/03\/2007 &nbsp; O v\u00f4mito \u00e9 caracterizado pela elimina\u00e7\u00e3o de subst\u00e2ncias provenientes do est\u00f4mago; ele pode significar uma rejei\u00e7\u00e3o ao alimento recebido ou simplesmente denunciar um excesso do que lhe foi ofertado. A pr\u00e1tica da aspira\u00e7\u00e3o g\u00e1strica do rec\u00e9m-nascido logo ap\u00f3s o parto, a partir da d\u00e9cada de 70, veio &hellip;<\/p>\n<p class=\"read-more\"> <a class=\"\" href=\"https:\/\/holosofia.com.br\/?page_id=1095\"> <span class=\"screen-reader-text\">Holocoluna &#8211; 0041<\/span> Leia mais &raquo;<\/a><\/p>\n","protected":false},"author":1,"featured_media":0,"parent":0,"menu_order":0,"comment_status":"closed","ping_status":"closed","template":"","meta":{"_bbp_topic_count":0,"_bbp_reply_count":0,"_bbp_total_topic_count":0,"_bbp_total_reply_count":0,"_bbp_voice_count":0,"_bbp_anonymous_reply_count":0,"_bbp_topic_count_hidden":0,"_bbp_reply_count_hidden":0,"_bbp_forum_subforum_count":0,"om_disable_all_campaigns":false,"_uag_custom_page_level_css":"","_mi_skip_tracking":false,"_monsterinsights_sitenote_active":false,"_monsterinsights_sitenote_note":"","_monsterinsights_sitenote_category":0,"site-sidebar-layout":"default","site-content-layout":"default","ast-global-header-display":"","ast-main-header-display":"","ast-hfb-above-header-display":"","ast-hfb-below-header-display":"","ast-hfb-mobile-header-display":"","site-post-title":"","ast-breadcrumbs-content":"","ast-featured-img":"","footer-sml-layout":"","theme-transparent-header-meta":"default","adv-header-id-meta":"","stick-header-meta":"","header-above-stick-meta":"","header-main-stick-meta":"","header-below-stick-meta":"","footnotes":""},"class_list":["post-1095","page","type-page","status-publish","hentry"],"aioseo_notices":[],"uagb_featured_image_src":{"full":false,"thumbnail":false,"medium":false,"medium_large":false,"large":false,"post-slider-thumb-size":false,"1536x1536":false,"2048x2048":false},"uagb_author_info":{"display_name":"solucaopublicidades@hotmail.com","author_link":"https:\/\/holosofia.com.br\/?author=1"},"uagb_comment_info":0,"uagb_excerpt":"41-V CAP\u00cdTULO: \u00a0V\u00d4MITO &nbsp; Publicado em 24\/03\/2007 &nbsp; O v\u00f4mito \u00e9 caracterizado pela elimina\u00e7\u00e3o de subst\u00e2ncias provenientes do est\u00f4mago; ele pode significar uma rejei\u00e7\u00e3o ao alimento recebido ou simplesmente denunciar um excesso do que lhe foi ofertado. A pr\u00e1tica da aspira\u00e7\u00e3o g\u00e1strica do rec\u00e9m-nascido logo ap\u00f3s o parto, a partir da d\u00e9cada de 70, veio&hellip;","_links":{"self":[{"href":"https:\/\/holosofia.com.br\/index.php?rest_route=\/wp\/v2\/pages\/1095","targetHints":{"allow":["GET"]}}],"collection":[{"href":"https:\/\/holosofia.com.br\/index.php?rest_route=\/wp\/v2\/pages"}],"about":[{"href":"https:\/\/holosofia.com.br\/index.php?rest_route=\/wp\/v2\/types\/page"}],"author":[{"embeddable":true,"href":"https:\/\/holosofia.com.br\/index.php?rest_route=\/wp\/v2\/users\/1"}],"replies":[{"embeddable":true,"href":"https:\/\/holosofia.com.br\/index.php?rest_route=%2Fwp%2Fv2%2Fcomments&post=1095"}],"version-history":[{"count":2,"href":"https:\/\/holosofia.com.br\/index.php?rest_route=\/wp\/v2\/pages\/1095\/revisions"}],"predecessor-version":[{"id":1323,"href":"https:\/\/holosofia.com.br\/index.php?rest_route=\/wp\/v2\/pages\/1095\/revisions\/1323"}],"wp:attachment":[{"href":"https:\/\/holosofia.com.br\/index.php?rest_route=%2Fwp%2Fv2%2Fmedia&parent=1095"}],"curies":[{"name":"wp","href":"https:\/\/api.w.org\/{rel}","templated":true}]}}