{"id":1090,"date":"2023-01-11T11:19:53","date_gmt":"2023-01-11T11:19:53","guid":{"rendered":"https:\/\/holosofia.com.br\/?page_id=1090"},"modified":"2023-03-25T13:28:34","modified_gmt":"2023-03-25T13:28:34","slug":"holocoluna-0040","status":"publish","type":"page","link":"https:\/\/holosofia.com.br\/?page_id=1090","title":{"rendered":"Holocoluna &#8211; 0040"},"content":{"rendered":"<ol start=\"40\">\n<li>\n<h2>IV CAP\u00cdTULO \u2013 A FEBRE<\/h2>\n<\/li>\n<\/ol>\n<h3 style=\"text-align: right;\">Publicado em 17\/03\/2007<\/h3>\n<p>&nbsp;<\/p>\n<h3>A temperatura corporal do rec\u00e9m-nascido \u00e9 controlada pelo reto, e na crian\u00e7a maior mede-se na axila, e deve ser considerada febre quando ultrapassar 37,5\u00baC.<\/h3>\n<h3>A febre pode indicar tanto sofrimento f\u00edsico como psicol\u00f3gico.<\/h3>\n<h3>As doen\u00e7as infecciosas \u2013 <em>causadas por bact\u00e9rias ou v\u00edrus<\/em> \u2013 s\u00e3o respons\u00e1veis pela maioria dos epis\u00f3dios febris. Mas os impactos emocionais tamb\u00e9m podem aumentar a temperatura corporal da pessoa, aqui, a crian\u00e7a.<\/h3>\n<h3>A temperatura quando se eleva at\u00e9 37,8\u00baC \u00e9 considerada como um estado subfebril, portanto merecedora apenas de banhos para se normalizar; o banho deve durar o tempo necess\u00e1rio para normalizar a temperatura, e a \u00e1gua \u00e0 temperatura ambiente, natural, nem quente nem gelada.<\/h3>\n<h3>A febre propriamente dita se caracteriza por temperaturas acima de 37,8\u00baC, quando est\u00e3o indicados a medica\u00e7\u00e3o antit\u00e9rmica \u2013 <em>Dipirona, o Tylenol e o AAS infanmtil<\/em> \u2013 e o banho.<\/h3>\n<h3>Vale ressaltar que quanto mais baixa a idade da crian\u00e7a mais sens\u00edvel ela se apresenta \u00e0 varia\u00e7\u00e3o da temperatura.<\/h3>\n<h3>Uma incubadora desregulada ou um dia de calor intenso podem ser respons\u00e1veis pela eleva\u00e7\u00e3o da temperatura no rec\u00e9m-nascido. Portanto, a febre quando ocorre no 3\u00ba ou 4\u00ba dia de vida, e coincidindo com o m\u00e1ximo da perda de peso, chama a aten\u00e7\u00e3o do m\u00e9dico para a \u201cfebre transit\u00f3ria do rec\u00e9m-nascido\u201d, febre de sede, a qual desaparece dentro de poucas horas, com a administra\u00e7\u00e3o de l\u00edquido \u2013 <em>\u00e1gua, ch\u00e1, soro glicosado<\/em> \u2013 a cada meia hora.<\/h3>\n<h3>A grande preocupa\u00e7\u00e3o com a febre se d\u00e1 por conta do estado convulsivo que ela costuma provocar na crian\u00e7a, especialmente nos seus dois primeiros anos de vida, quando parece mais vulner\u00e1vel.<\/h3>\n<h3>Como a convuls\u00e3o denota um sofrimento do sistema nervoso central, das c\u00e9lulas do c\u00e9rebro, ela termina exigindo uma aten\u00e7\u00e3o maior \u00e0 crian\u00e7a febril. Neste particular o pediatra costuma orientar \u00e0s m\u00e3es para que tragam seus filhos ao m\u00e9dico depois da temperatura normalizada, pois, do contr\u00e1rio, a crian\u00e7a poder\u00e1 apresentar convuls\u00e3o enquanto se encaminha ao consult\u00f3rio.<\/h3>\n<h3>Naturalmente, a convuls\u00e3o afebril, sem febre, sugere comprometimento cerebral prim\u00e1rio, ou seja, uma doen\u00e7a pr\u00f3pria do c\u00e9rebro, portanto com maior chance de deixar a crian\u00e7a com algum grau de seq\u00fcela. Entretanto, a convuls\u00e3o febril n\u00e3o se comporta plenamente in\u00f3cua, ela poder\u00e1 causar alguma altera\u00e7\u00e3o neurol\u00f3gica na crian\u00e7a.<\/h3>\n<h3>Sabe-se que uma das principais recomenda\u00e7\u00f5es do m\u00e9dico \u00e9 evitar-se a auto-medica\u00e7\u00e3o, isto \u00e9, a pessoa tomar rem\u00e9dio por \u201cconta\u201d, no caso da crian\u00e7a, por iniciativa da m\u00e3e ou dos familiares.<\/h3>\n<h3>Ent\u00e3o como proceder, na pr\u00e1tica, diante da crian\u00e7a febril em casa?<\/h3>\n<h3>A resposta \u00e9: d\u00ea a medica\u00e7\u00e3o antit\u00e9rmica \u2013 <em>uma gota por quilo de peso, at\u00e9 vinte quilos ou um comprimido de AAS infantil<\/em> \u2013 e banho at\u00e9 cessar a febre, e traga ao pediatra. Se a febre voltar enquanto voc\u00ea aguarda o m\u00e9dico, chame a enfermagem e pe\u00e7a para medir a temperatura da crian\u00e7a e informar ao doutor o que est\u00e1 acontecendo.<\/h3>\n<h3>N\u00e3o insista na id\u00e9ia de que a febre s\u00f3 passar\u00e1 se a crian\u00e7a vier tomar a \u201cbendita\u201d Amoxicilina. O pediatra far\u00e1 o melhor para a sua crian\u00e7a. Acredite no seu m\u00e9dico!<\/h3>\n<h3 style=\"text-align: right;\"><em>Sebasti\u00e3o Saraiva<\/em><\/h3>\n<h3 style=\"text-align: right;\"><em>M\u00e9dico e Hol\u00f3sofo<\/em><\/h3>\n","protected":false},"excerpt":{"rendered":"<p>IV CAP\u00cdTULO \u2013 A FEBRE Publicado em 17\/03\/2007 &nbsp; A temperatura corporal do rec\u00e9m-nascido \u00e9 controlada pelo reto, e na crian\u00e7a maior mede-se na axila, e deve ser considerada febre quando ultrapassar 37,5\u00baC. A febre pode indicar tanto sofrimento f\u00edsico como psicol\u00f3gico. As doen\u00e7as infecciosas \u2013 causadas por bact\u00e9rias ou v\u00edrus \u2013 s\u00e3o respons\u00e1veis pela &hellip;<\/p>\n<p class=\"read-more\"> <a class=\"\" href=\"https:\/\/holosofia.com.br\/?page_id=1090\"> <span class=\"screen-reader-text\">Holocoluna &#8211; 0040<\/span> Leia mais &raquo;<\/a><\/p>\n","protected":false},"author":1,"featured_media":0,"parent":0,"menu_order":0,"comment_status":"closed","ping_status":"closed","template":"","meta":{"_bbp_topic_count":0,"_bbp_reply_count":0,"_bbp_total_topic_count":0,"_bbp_total_reply_count":0,"_bbp_voice_count":0,"_bbp_anonymous_reply_count":0,"_bbp_topic_count_hidden":0,"_bbp_reply_count_hidden":0,"_bbp_forum_subforum_count":0,"om_disable_all_campaigns":false,"_uag_custom_page_level_css":"","_mi_skip_tracking":false,"_monsterinsights_sitenote_active":false,"_monsterinsights_sitenote_note":"","_monsterinsights_sitenote_category":0,"site-sidebar-layout":"default","site-content-layout":"default","ast-global-header-display":"","ast-main-header-display":"","ast-hfb-above-header-display":"","ast-hfb-below-header-display":"","ast-hfb-mobile-header-display":"","site-post-title":"","ast-breadcrumbs-content":"","ast-featured-img":"","footer-sml-layout":"","theme-transparent-header-meta":"default","adv-header-id-meta":"","stick-header-meta":"","header-above-stick-meta":"","header-main-stick-meta":"","header-below-stick-meta":"","footnotes":""},"class_list":["post-1090","page","type-page","status-publish","hentry"],"aioseo_notices":[],"uagb_featured_image_src":{"full":false,"thumbnail":false,"medium":false,"medium_large":false,"large":false,"post-slider-thumb-size":false,"1536x1536":false,"2048x2048":false},"uagb_author_info":{"display_name":"solucaopublicidades@hotmail.com","author_link":"https:\/\/holosofia.com.br\/?author=1"},"uagb_comment_info":0,"uagb_excerpt":"IV CAP\u00cdTULO \u2013 A FEBRE Publicado em 17\/03\/2007 &nbsp; A temperatura corporal do rec\u00e9m-nascido \u00e9 controlada pelo reto, e na crian\u00e7a maior mede-se na axila, e deve ser considerada febre quando ultrapassar 37,5\u00baC. A febre pode indicar tanto sofrimento f\u00edsico como psicol\u00f3gico. As doen\u00e7as infecciosas \u2013 causadas por bact\u00e9rias ou v\u00edrus \u2013 s\u00e3o respons\u00e1veis pela&hellip;","_links":{"self":[{"href":"https:\/\/holosofia.com.br\/index.php?rest_route=\/wp\/v2\/pages\/1090","targetHints":{"allow":["GET"]}}],"collection":[{"href":"https:\/\/holosofia.com.br\/index.php?rest_route=\/wp\/v2\/pages"}],"about":[{"href":"https:\/\/holosofia.com.br\/index.php?rest_route=\/wp\/v2\/types\/page"}],"author":[{"embeddable":true,"href":"https:\/\/holosofia.com.br\/index.php?rest_route=\/wp\/v2\/users\/1"}],"replies":[{"embeddable":true,"href":"https:\/\/holosofia.com.br\/index.php?rest_route=%2Fwp%2Fv2%2Fcomments&post=1090"}],"version-history":[{"count":2,"href":"https:\/\/holosofia.com.br\/index.php?rest_route=\/wp\/v2\/pages\/1090\/revisions"}],"predecessor-version":[{"id":1322,"href":"https:\/\/holosofia.com.br\/index.php?rest_route=\/wp\/v2\/pages\/1090\/revisions\/1322"}],"wp:attachment":[{"href":"https:\/\/holosofia.com.br\/index.php?rest_route=%2Fwp%2Fv2%2Fmedia&parent=1090"}],"curies":[{"name":"wp","href":"https:\/\/api.w.org\/{rel}","templated":true}]}}