{"id":1078,"date":"2023-01-11T01:20:35","date_gmt":"2023-01-11T01:20:35","guid":{"rendered":"https:\/\/holosofia.com.br\/?page_id=1078"},"modified":"2023-03-25T13:26:25","modified_gmt":"2023-03-25T13:26:25","slug":"holocoluna-0038","status":"publish","type":"page","link":"https:\/\/holosofia.com.br\/?page_id=1078","title":{"rendered":"Holocoluna &#8211; 0038"},"content":{"rendered":"<ol start=\"38\">\n<li>\n<h2>II Cap\u00edtulo: \u201cASSADURA\u201d<\/h2>\n<\/li>\n<\/ol>\n<h3 style=\"text-align: right;\">Publicado em 03\/03\/2007<\/h3>\n<p>&nbsp;<\/p>\n<h3>Fazendo uma an\u00e1lise das causas que trouxeram as crian\u00e7as ao Pronto Socorro Central no ano de 2006, evidenciei que a \u201cAssadura\u201d ocupou uma posi\u00e7\u00e3o importante.<\/h3>\n<h3>Por isso, venho apresentar a voc\u00ea, caro(a) leitor(a), algumas considera\u00e7\u00f5es pertinentes ao tema, esperando que as mesmas venham se revestir de interesse pr\u00e1tico e que possam ser compartilhadas com pessoas do seu ciclo de amizade.<\/h3>\n<h3>A esta forma de compartilhar eu chamo de <strong>\u201cdemocratiza\u00e7\u00e3o do conhecimento cient\u00edfico\u201d.<\/strong><\/h3>\n<h3>A \u201cassadura\u201d ou dermatite de fraldas ou dermatite amoniacal \u00e9 estudada no cap\u00edtulo do Eczema de Contato Infantil, e decorre do ac\u00famulo de urina, fezes e suor sob oclus\u00e3o (abafado) de fraldas, quase sempre, descart\u00e1veis.<\/h3>\n<h3>A pele se apresenta avermelhada e irritada, principalmente nas dobras e nas \u00e1reas de contado com a fralda, podendo atingir tanto a regi\u00e3o perineal (\u00f3rg\u00e3os genitais) como os gl\u00fateos (o bum-bum) da crian\u00e7a e causar pequenas bolhas, fissuras e secre\u00e7\u00e3o no local.<\/h3>\n<h3>O tratamento se baseia nas seguintes medidas:<\/h3>\n<ol>\n<li>\n<h3>Banhar a crian\u00e7a normalmente; depois deix\u00e1-la sentada na banheira com \u00e1gua morna (2 litros), contendo permanganato de pot\u00e1ssio (1grama), durante cinco minutos. Retirar a crian\u00e7a da banheira e n\u00e3o enxug\u00e1-la.<\/h3>\n<\/li>\n<\/ol>\n<h3>Repetir este procedimento 4 vezes por dia, usando esta solu\u00e7\u00e3o antiss\u00e9ptica de permanganato a 1:20.000 por apenas 3 a 4 dias, pois a melhora deve ser r\u00e1pida.<\/h3>\n<ol start=\"2\">\n<li>\n<h3>Deixar a crian\u00e7a sem fralda, deitada de bru\u00e7os sobre um pano limpo o maior espa\u00e7o de tempo poss\u00edvel do dia. A ventila\u00e7\u00e3o natural favorece a recupera\u00e7\u00e3o da pele.<\/h3>\n<\/li>\n<li>\n<h3>Expor a crian\u00e7a ao sol da manh\u00e3 e da tardezinha, sem fralda, por meia hora de cada vez. O sol acelera a cura.<\/h3>\n<\/li>\n<li>\n<h3>Substituir a fralda descart\u00e1vel por fralda de pano e ficar atenta para trocar a fralda <strong>logo<\/strong> que a crian\u00e7a fizer xixi ou coc\u00f4,<\/h3>\n<\/li>\n<li>\n<h3>Da\u00ed p`ra frente, sempre que trocar a fralda da crian\u00e7a deve lavar a regi\u00e3o com \u00e1gua corrente e enxugar. Esta forma correta de cuidado previne a \u201cassadura\u201d, para sempre!<\/h3>\n<\/li>\n<li>\n<h3>No caso do eritema (irrita\u00e7\u00e3o) ser mais acentuado aconselha-se o uso de pomada de vitamina A+B (Hipogl\u00f3s), at\u00e9 melhorar. A pele sadia necessita de \u00e1gua, n\u00e3o de pomada.<\/h3>\n<\/li>\n<\/ol>\n<h3>Normalmente n\u00e3o se usa pomada em pele de crian\u00e7a para proteger contra \u201cassadura\u201d!<\/h3>\n<h3>A fralda de pano parece menos pr\u00e1tica, mas a necessidade da troca mais freq\u00fcente termina melhorando a afetividade de ambas (m\u00e3e\/crian\u00e7a) pelo contato f\u00edsico repetido. A fralda de pano torna-se menos onerosa e \u00e9 permanente, isto \u00e9, re-us\u00e1vel.<\/h3>\n<h3>Neste particular, a modernidade n\u00e3o pensou na crian\u00e7a, ficando a creche como um desafio a ser encarado com boa vontade e amor pela crian\u00e7a, esse pequeno ser que depende de n\u00f3s adultos.<\/h3>\n<h3>Vale lembrar que as ind\u00fastrias, conhecedoras das implica\u00e7\u00f5es negativas das fraldas de pl\u00e1stico, est\u00e3o investindo na confec\u00e7\u00e3o de fraldas com material mais poroso, portanto, mais macio e fresquinho. Mas a fralda de pano ainda \u00e9 a campe\u00e3.<\/h3>\n<h3>Quando for ao seu m\u00e9dico, pe\u00e7a para ele lhe ensinar como dobrar a fralda de pano, de modo a reter maior volume de urina; ela \u00e9 dobrada com ac\u00famulo de tecido no meio, simulando um absorvente, um modess. Fica legal!<\/h3>\n<h3>Junte este artigo ao anterior e prossiga com os seguintes, e tenha uma cole\u00e7\u00e3o de ensinamentos b\u00e1sicos, em cap\u00edtulos, de \u201cCuidando do Meu Filho\u201d.<\/h3>\n<h3 style=\"text-align: right;\">Sebasti\u00e3o Saraiva<\/h3>\n<h3 style=\"text-align: right;\">M\u00e9dico e Hol\u00f3sofo<\/h3>\n","protected":false},"excerpt":{"rendered":"<p>II Cap\u00edtulo: \u201cASSADURA\u201d Publicado em 03\/03\/2007 &nbsp; Fazendo uma an\u00e1lise das causas que trouxeram as crian\u00e7as ao Pronto Socorro Central no ano de 2006, evidenciei que a \u201cAssadura\u201d ocupou uma posi\u00e7\u00e3o importante. Por isso, venho apresentar a voc\u00ea, caro(a) leitor(a), algumas considera\u00e7\u00f5es pertinentes ao tema, esperando que as mesmas venham se revestir de interesse pr\u00e1tico &hellip;<\/p>\n<p class=\"read-more\"> <a class=\"\" href=\"https:\/\/holosofia.com.br\/?page_id=1078\"> <span class=\"screen-reader-text\">Holocoluna &#8211; 0038<\/span> Leia mais &raquo;<\/a><\/p>\n","protected":false},"author":1,"featured_media":0,"parent":0,"menu_order":0,"comment_status":"closed","ping_status":"closed","template":"","meta":{"_bbp_topic_count":0,"_bbp_reply_count":0,"_bbp_total_topic_count":0,"_bbp_total_reply_count":0,"_bbp_voice_count":0,"_bbp_anonymous_reply_count":0,"_bbp_topic_count_hidden":0,"_bbp_reply_count_hidden":0,"_bbp_forum_subforum_count":0,"om_disable_all_campaigns":false,"_uag_custom_page_level_css":"","_mi_skip_tracking":false,"_monsterinsights_sitenote_active":false,"_monsterinsights_sitenote_note":"","_monsterinsights_sitenote_category":0,"site-sidebar-layout":"default","site-content-layout":"default","ast-global-header-display":"","ast-main-header-display":"","ast-hfb-above-header-display":"","ast-hfb-below-header-display":"","ast-hfb-mobile-header-display":"","site-post-title":"","ast-breadcrumbs-content":"","ast-featured-img":"","footer-sml-layout":"","theme-transparent-header-meta":"default","adv-header-id-meta":"","stick-header-meta":"","header-above-stick-meta":"","header-main-stick-meta":"","header-below-stick-meta":"","footnotes":""},"class_list":["post-1078","page","type-page","status-publish","hentry"],"aioseo_notices":[],"uagb_featured_image_src":{"full":false,"thumbnail":false,"medium":false,"medium_large":false,"large":false,"post-slider-thumb-size":false,"1536x1536":false,"2048x2048":false},"uagb_author_info":{"display_name":"solucaopublicidades@hotmail.com","author_link":"https:\/\/holosofia.com.br\/?author=1"},"uagb_comment_info":0,"uagb_excerpt":"II Cap\u00edtulo: \u201cASSADURA\u201d Publicado em 03\/03\/2007 &nbsp; Fazendo uma an\u00e1lise das causas que trouxeram as crian\u00e7as ao Pronto Socorro Central no ano de 2006, evidenciei que a \u201cAssadura\u201d ocupou uma posi\u00e7\u00e3o importante. Por isso, venho apresentar a voc\u00ea, caro(a) leitor(a), algumas considera\u00e7\u00f5es pertinentes ao tema, esperando que as mesmas venham se revestir de interesse pr\u00e1tico&hellip;","_links":{"self":[{"href":"https:\/\/holosofia.com.br\/index.php?rest_route=\/wp\/v2\/pages\/1078","targetHints":{"allow":["GET"]}}],"collection":[{"href":"https:\/\/holosofia.com.br\/index.php?rest_route=\/wp\/v2\/pages"}],"about":[{"href":"https:\/\/holosofia.com.br\/index.php?rest_route=\/wp\/v2\/types\/page"}],"author":[{"embeddable":true,"href":"https:\/\/holosofia.com.br\/index.php?rest_route=\/wp\/v2\/users\/1"}],"replies":[{"embeddable":true,"href":"https:\/\/holosofia.com.br\/index.php?rest_route=%2Fwp%2Fv2%2Fcomments&post=1078"}],"version-history":[{"count":2,"href":"https:\/\/holosofia.com.br\/index.php?rest_route=\/wp\/v2\/pages\/1078\/revisions"}],"predecessor-version":[{"id":1320,"href":"https:\/\/holosofia.com.br\/index.php?rest_route=\/wp\/v2\/pages\/1078\/revisions\/1320"}],"wp:attachment":[{"href":"https:\/\/holosofia.com.br\/index.php?rest_route=%2Fwp%2Fv2%2Fmedia&parent=1078"}],"curies":[{"name":"wp","href":"https:\/\/api.w.org\/{rel}","templated":true}]}}