{"id":1061,"date":"2023-01-11T01:03:10","date_gmt":"2023-01-11T01:03:10","guid":{"rendered":"https:\/\/holosofia.com.br\/?page_id=1061"},"modified":"2023-03-25T13:20:47","modified_gmt":"2023-03-25T13:20:47","slug":"holocoluna-0035","status":"publish","type":"page","link":"https:\/\/holosofia.com.br\/?page_id=1061","title":{"rendered":"Holocoluna &#8211; 0035"},"content":{"rendered":"<h2><strong>35 \u2013 COMPARTILHANDO COM VOC\u00ca<\/strong><\/h2>\n<h3 style=\"text-align: right;\"><strong>\u00a0Publicado em 03\/02\/2007<\/strong><\/h3>\n<p>&nbsp;<\/p>\n<h3>A leitura de uma abordagem positiva \u00e9 tudo que o leitor precisa para se encher de otimismo e entusiasmo, e viver o novo dia que se inicia.<\/h3>\n<h3>\u00c9 com esta convic\u00e7\u00e3o que vimos compartilhar com voc\u00ea, nosso(a) distinto(a) leitor(a), tr\u00eas experi\u00eancias de amor e valoriza\u00e7\u00e3o do ser humano.<\/h3>\n<h3><strong>Primeiro,<\/strong> na metade da manh\u00e3 do dia 22 de janeiro deste (2\u00aa feira), quando trabalh\u00e1vamos no plant\u00e3o de pediatria do Pronto Socorro Central, recebi um envelope no qual estava uma mensagem de amor, o amor pelo justo reconhecimento ao trabalho de quem dedica a sua vida a cuidar de outras vidas. L\u00e1, a pessoa \u2013 <em>a av\u00f3 de uma crian\u00e7a que n\u00f3s hav\u00edamos atendido h\u00e1 uma semana<\/em> \u2013, num trecho da carta, dizia o seguinte: \u201cDoutor, eu quero agradecer primeiro a Deus e depois ao senhor, n\u00e3o apenas pela medica\u00e7\u00e3o que foi receitada e devolveu a sa\u00fade da minha netinha, mas pelo respeito, dedica\u00e7\u00e3o e amor que pude testemunhar na sua forma de tratar a crian\u00e7a&#8230; N\u00e3o quero desmerecer os bons m\u00e9dicos da minha terra, mas o senhor tem muita paci\u00eancia, sabe ouvir e explica tudo que a gente quer escutar &#8230; Sa\u00edmos encantadas do seu consult\u00f3rio&#8230; Hoje dia do retorno a minha netinha j\u00e1 avisou que queria consultar com o m\u00e9dico barbudo que deu tapinhas na barriga dela&#8230;<\/h3>\n<h3><strong>Segundo,<\/strong> no dia seguinte \u2013 <em>23 de janeiro<\/em> \u2013, quando complet\u00e1vamos \u2013 <em>eu e o Programa Holos\u00f3fico de Sa\u00fade (PHS)<\/em> \u2013 o nosso primeiro anivers\u00e1rio de atividades m\u00e9dico-sociais prestadas \u00e0 sociedade de Cajuru, os nossos colegas de trabalho, incluindo a Secretaria de Sa\u00fade e as cinco equipes do PSF, surpreenderam-nos com uma manifesta\u00e7\u00e3o de carinho e gratid\u00e3o. Al\u00e9m do tradicional parab\u00e9ns, bolo e refrigerantes, tivemos a felicidade de ouvir palavras de bondade espont\u00e2nea, reconhecimento e muito afeto. Confesso que foi um momento de forte emo\u00e7\u00e3o, portanto, muito gratificante. Aproveito para agradecer, publicamente, a esses colegas por tamanho gesto de grandeza humana. O amor necessita de bons cora\u00e7\u00f5es para florescer!<\/h3>\n<h3><strong>Terceiro,<\/strong> pela impossibilidade de nos reunirmos \u2013 <em>eu e os membros das equipes do PSF da Cruz Alta, Cruzeiro, Cohab, Dom Bosco e Piscina <\/em>\u2013 no final do ano de 2006, combinamos um churrasco de confraterniza\u00e7\u00e3o para o in\u00edcio do Novo Ano.<\/h3>\n<h3>Assim, todos se mobilizaram no sentido de tomar as provid\u00eancias \u2013 <em>oferecer datas alternativas para garantir a maior participa\u00e7\u00e3o poss\u00edvel, confirmar o n\u00famero de participantes, obter o local, conseguir o churrasqueiro e delegar a organiza\u00e7\u00e3o social do evento e a compra dos alimentos <\/em>\u2013 indispens\u00e1veis para a primeira conviv\u00eancia dos colegas em clima de descontra\u00e7\u00e3o.<\/h3>\n<h3>Dia 27 de janeiro, a data preferida pela maioria; dentre os confirmados, a presen\u00e7a foi maci\u00e7a; o local n\u00e3o poderia ter sido melhor, a \u201cCh\u00e1cara do Iso\u201d (Alo\u00edsio), que gentilmente nos cedeu o espa\u00e7o, disponibilizando todas as \u00e1reas; o churrasqueiro foi o ponto alto do encontro, pois al\u00e9m da compet\u00eancia culin\u00e1ria trazia consigo o reconhecimento da pessoa do bem e do colega gentil, o nosso querido Teixeira; a organiza\u00e7\u00e3o social foi resultado de um trabalho conjunto; e a compra dos alimentos ficou a cargo das enfermeiras coordenadoras das equipes do PSF. O micro \u00f4nibus da prefeitura conduziu os colegas, tanto na ida como na volta. A Programa\u00e7\u00e3o incluiu apresenta\u00e7\u00e3o do Planejamento das A\u00e7\u00f5es de Sa\u00fade 2007; momento musical, desfiles masculino e feminino, corrida do ovo na colher, corrida de saco e outras atividades. Foi muito legal!<\/h3>\n<h3>Atividades recreativas fazem parte de qualquer programa de sa\u00fade, dignificam e socializam as pessoas.<\/h3>\n<h3>Optamos pelo compartilhar estas experi\u00eancias com o intuito de mostrar a voc\u00ea que a vida \u00e9 uma d\u00e1diva de Deus e sempre vale a pena reconhece-la como tal. Para tanto, \u00e9 necess\u00e1rio abrirmos o cora\u00e7\u00e3o e desfrutarmos com alegria todos os momentos, mesmo os aparentemente modestos.<\/h3>\n<h3><em>Sebasti\u00e3o Saraiva<\/em><\/h3>\n<h3><em>M\u00e9dico e Hol\u00f3sofo<\/em><\/h3>\n","protected":false},"excerpt":{"rendered":"<p>35 \u2013 COMPARTILHANDO COM VOC\u00ca \u00a0Publicado em 03\/02\/2007 &nbsp; A leitura de uma abordagem positiva \u00e9 tudo que o leitor precisa para se encher de otimismo e entusiasmo, e viver o novo dia que se inicia. \u00c9 com esta convic\u00e7\u00e3o que vimos compartilhar com voc\u00ea, nosso(a) distinto(a) leitor(a), tr\u00eas experi\u00eancias de amor e valoriza\u00e7\u00e3o do &hellip;<\/p>\n<p class=\"read-more\"> <a class=\"\" href=\"https:\/\/holosofia.com.br\/?page_id=1061\"> <span class=\"screen-reader-text\">Holocoluna &#8211; 0035<\/span> Leia mais &raquo;<\/a><\/p>\n","protected":false},"author":1,"featured_media":0,"parent":0,"menu_order":0,"comment_status":"closed","ping_status":"closed","template":"","meta":{"_bbp_topic_count":0,"_bbp_reply_count":0,"_bbp_total_topic_count":0,"_bbp_total_reply_count":0,"_bbp_voice_count":0,"_bbp_anonymous_reply_count":0,"_bbp_topic_count_hidden":0,"_bbp_reply_count_hidden":0,"_bbp_forum_subforum_count":0,"om_disable_all_campaigns":false,"_uag_custom_page_level_css":"","_mi_skip_tracking":false,"_monsterinsights_sitenote_active":false,"_monsterinsights_sitenote_note":"","_monsterinsights_sitenote_category":0,"site-sidebar-layout":"default","site-content-layout":"default","ast-global-header-display":"","ast-main-header-display":"","ast-hfb-above-header-display":"","ast-hfb-below-header-display":"","ast-hfb-mobile-header-display":"","site-post-title":"","ast-breadcrumbs-content":"","ast-featured-img":"","footer-sml-layout":"","theme-transparent-header-meta":"default","adv-header-id-meta":"","stick-header-meta":"","header-above-stick-meta":"","header-main-stick-meta":"","header-below-stick-meta":"","footnotes":""},"class_list":["post-1061","page","type-page","status-publish","hentry"],"aioseo_notices":[],"uagb_featured_image_src":{"full":false,"thumbnail":false,"medium":false,"medium_large":false,"large":false,"post-slider-thumb-size":false,"1536x1536":false,"2048x2048":false},"uagb_author_info":{"display_name":"solucaopublicidades@hotmail.com","author_link":"https:\/\/holosofia.com.br\/?author=1"},"uagb_comment_info":0,"uagb_excerpt":"35 \u2013 COMPARTILHANDO COM VOC\u00ca \u00a0Publicado em 03\/02\/2007 &nbsp; A leitura de uma abordagem positiva \u00e9 tudo que o leitor precisa para se encher de otimismo e entusiasmo, e viver o novo dia que se inicia. \u00c9 com esta convic\u00e7\u00e3o que vimos compartilhar com voc\u00ea, nosso(a) distinto(a) leitor(a), tr\u00eas experi\u00eancias de amor e valoriza\u00e7\u00e3o do&hellip;","_links":{"self":[{"href":"https:\/\/holosofia.com.br\/index.php?rest_route=\/wp\/v2\/pages\/1061","targetHints":{"allow":["GET"]}}],"collection":[{"href":"https:\/\/holosofia.com.br\/index.php?rest_route=\/wp\/v2\/pages"}],"about":[{"href":"https:\/\/holosofia.com.br\/index.php?rest_route=\/wp\/v2\/types\/page"}],"author":[{"embeddable":true,"href":"https:\/\/holosofia.com.br\/index.php?rest_route=\/wp\/v2\/users\/1"}],"replies":[{"embeddable":true,"href":"https:\/\/holosofia.com.br\/index.php?rest_route=%2Fwp%2Fv2%2Fcomments&post=1061"}],"version-history":[{"count":2,"href":"https:\/\/holosofia.com.br\/index.php?rest_route=\/wp\/v2\/pages\/1061\/revisions"}],"predecessor-version":[{"id":1316,"href":"https:\/\/holosofia.com.br\/index.php?rest_route=\/wp\/v2\/pages\/1061\/revisions\/1316"}],"wp:attachment":[{"href":"https:\/\/holosofia.com.br\/index.php?rest_route=%2Fwp%2Fv2%2Fmedia&parent=1061"}],"curies":[{"name":"wp","href":"https:\/\/api.w.org\/{rel}","templated":true}]}}