{"id":1035,"date":"2023-01-10T23:34:23","date_gmt":"2023-01-10T23:34:23","guid":{"rendered":"https:\/\/holosofia.com.br\/?page_id=1035"},"modified":"2023-01-10T23:37:58","modified_gmt":"2023-01-10T23:37:58","slug":"holocoluna-0031","status":"publish","type":"page","link":"https:\/\/holosofia.com.br\/?page_id=1035","title":{"rendered":"Holocoluna &#8211; 0031"},"content":{"rendered":"<h2>31 \u2013 O \u201c<strong>EU\u201d<\/strong><\/h2>\n<p>&nbsp;<\/p>\n<h3 style=\"text-align: right;\">Publicado em 16.12.06<\/h3>\n<h3><\/h3>\n<h3>Sa\u00fade, segundo a Organiza\u00e7\u00e3o Mundial de Sa\u00fade (OMS), \u00e9, al\u00e9m da aus\u00eancia de doen\u00e7a, a sensa\u00e7\u00e3o de bem-estar f\u00edsico, mental e social. A Holosofia acrescenta&#8230; <strong>e espiritual<\/strong>.<\/h3>\n<h3>O <strong>Eu<\/strong> compreende o centro, a ess\u00eancia, o espiritual da pessoa.<\/h3>\n<h3>Opostamente est\u00e1 o Ego, o qual representa a periferia, o f\u00edsico-mental, o material da pessoa.<\/h3>\n<h3>Enquanto o <strong>Eu<\/strong> sinaliza para o ser, o Ego se ocupa do ter.<\/h3>\n<h3>Ambos devem coexistir, o que \u00e9 natural e bom, mas em equil\u00edbrio. E este equil\u00edbrio, sob o aspecto existencial, significa n\u00edvel superior da consci\u00eancia.<\/h3>\n<h3>Aquele que se esfor\u00e7a e busca a expans\u00e3o da consci\u00eancia como o \u00fanico caminho em dire\u00e7\u00e3o \u00e0 vida encontra, atrav\u00e9s do <strong>Eu<\/strong>, o seu Deus Interior.<\/h3>\n<h3>Este encontro entre a criatura e o Criador se perpetua e o <strong>Eu<\/strong> se manifesta permanentemente, sob a forma de uma nova percep\u00e7\u00e3o da realidade Universal. Essa experi\u00eancia enriquece o mundo com a produ\u00e7\u00e3o sucessiva de sentimentos e comportamentos construtivos, t\u00e3o bem-vindos nos dias de hoje.<\/h3>\n<h3>O <strong>Eu<\/strong> desenvolvido \u00e9 respons\u00e1vel pela manifesta\u00e7\u00e3o explicitada das virtudes humanas \u2013 <em>simplicidade, humildade, bondade, sinceridade, solidariedade, honestidade, toler\u00e2ncia, abnega\u00e7\u00e3o, compreens\u00e3o, respeito, altru\u00edsmo, gratid\u00e3o<\/em> \u2013 e comunica o verdadeiro sentimento de amor ao pr\u00f3ximo.<\/h3>\n<h3>N\u00e3o obstante, conv\u00e9m salientar a import\u00e2ncia do Ego como o fiel da balan\u00e7a. \u00c9 necess\u00e1rio conquistar-se os bens materiais, mas deles apenas se valer para melhorar a qualidade de vida e o conforto no dia-a-dia, evitando-se, entretanto, a revers\u00e3o das condi\u00e7\u00f5es de possuidor e de possu\u00eddo.<\/h3>\n<h3>H\u00e1 pessoas que, sufocando o <strong>Eu<\/strong>, hipertrofia o Ego e se escraviza pelo patrim\u00f4nio acumulado, tornando-se possu\u00eddo ao inv\u00e9s de possuidor. Nesse momento se instala um verdadeiro quadro psiqui\u00e1trico, quase nunca diagnosticado, de idiotia. Infelizmente, esta doen\u00e7a tem conota\u00e7\u00e3o heredit\u00e1ria e\/ou familiar e se propaga com bastante facilidade em nosso meio. Eis a\u00ed a raz\u00e3o principal das diferencias sociais, da viol\u00eancia urbana e das guerras entre as na\u00e7\u00f5es.<\/h3>\n<h3>O clima inadequado a uma conviv\u00eancia harmoniosa no seio das fam\u00edlias modernas se constitui na mais flagrante demonstra\u00e7\u00e3o da inobserv\u00e2ncia do valor do <strong>Eu<\/strong> como agente de sa\u00fade, paz e felicidade, tr\u00edade t\u00e3o desejada neste momento de comemora\u00e7\u00e3o do Natal.<\/h3>\n<h3>Assim, queremos conclamar a todos a fazerem profundas reflex\u00f5es-conjuntas, tanto com os familiares como com os colegas de trabalho, n\u00e3o importando a posi\u00e7\u00e3o hier\u00e1rquica, objetivando a sensibiliza\u00e7\u00e3o do esp\u00edrito e a supremacia do <strong>Eu<\/strong> sobre o Ego, o que vir\u00e1 corresponder ao tradicional desejo de Feliz Natal, com sa\u00fade, paz e felicidade, comportamento coerente de alegria pelo nascimento do Menino Jesus.<\/h3>\n<h3>Voc\u00ea acabou de ler uma mensagem de amor, agora releia algumas vezes e sinta o pr\u00f3prio amor.<\/h3>\n<h3><\/h3>\n","protected":false},"excerpt":{"rendered":"<p>31 \u2013 O \u201cEU\u201d &nbsp; Publicado em 16.12.06 Sa\u00fade, segundo a Organiza\u00e7\u00e3o Mundial de Sa\u00fade (OMS), \u00e9, al\u00e9m da aus\u00eancia de doen\u00e7a, a sensa\u00e7\u00e3o de bem-estar f\u00edsico, mental e social. A Holosofia acrescenta&#8230; e espiritual. O Eu compreende o centro, a ess\u00eancia, o espiritual da pessoa. Opostamente est\u00e1 o Ego, o qual representa a periferia, &hellip;<\/p>\n<p class=\"read-more\"> <a class=\"\" href=\"https:\/\/holosofia.com.br\/?page_id=1035\"> <span class=\"screen-reader-text\">Holocoluna &#8211; 0031<\/span> Leia mais &raquo;<\/a><\/p>\n","protected":false},"author":1,"featured_media":0,"parent":0,"menu_order":0,"comment_status":"closed","ping_status":"closed","template":"","meta":{"_bbp_topic_count":0,"_bbp_reply_count":0,"_bbp_total_topic_count":0,"_bbp_total_reply_count":0,"_bbp_voice_count":0,"_bbp_anonymous_reply_count":0,"_bbp_topic_count_hidden":0,"_bbp_reply_count_hidden":0,"_bbp_forum_subforum_count":0,"om_disable_all_campaigns":false,"_uag_custom_page_level_css":"","_mi_skip_tracking":false,"_monsterinsights_sitenote_active":false,"_monsterinsights_sitenote_note":"","_monsterinsights_sitenote_category":0,"site-sidebar-layout":"default","site-content-layout":"default","ast-global-header-display":"","ast-main-header-display":"","ast-hfb-above-header-display":"","ast-hfb-below-header-display":"","ast-hfb-mobile-header-display":"","site-post-title":"","ast-breadcrumbs-content":"","ast-featured-img":"","footer-sml-layout":"","theme-transparent-header-meta":"default","adv-header-id-meta":"","stick-header-meta":"","header-above-stick-meta":"","header-main-stick-meta":"","header-below-stick-meta":"","footnotes":""},"class_list":["post-1035","page","type-page","status-publish","hentry"],"aioseo_notices":[],"uagb_featured_image_src":{"full":false,"thumbnail":false,"medium":false,"medium_large":false,"large":false,"post-slider-thumb-size":false,"1536x1536":false,"2048x2048":false},"uagb_author_info":{"display_name":"solucaopublicidades@hotmail.com","author_link":"https:\/\/holosofia.com.br\/?author=1"},"uagb_comment_info":0,"uagb_excerpt":"31 \u2013 O \u201cEU\u201d &nbsp; Publicado em 16.12.06 Sa\u00fade, segundo a Organiza\u00e7\u00e3o Mundial de Sa\u00fade (OMS), \u00e9, al\u00e9m da aus\u00eancia de doen\u00e7a, a sensa\u00e7\u00e3o de bem-estar f\u00edsico, mental e social. A Holosofia acrescenta&#8230; e espiritual. O Eu compreende o centro, a ess\u00eancia, o espiritual da pessoa. Opostamente est\u00e1 o Ego, o qual representa a periferia,&hellip;","_links":{"self":[{"href":"https:\/\/holosofia.com.br\/index.php?rest_route=\/wp\/v2\/pages\/1035","targetHints":{"allow":["GET"]}}],"collection":[{"href":"https:\/\/holosofia.com.br\/index.php?rest_route=\/wp\/v2\/pages"}],"about":[{"href":"https:\/\/holosofia.com.br\/index.php?rest_route=\/wp\/v2\/types\/page"}],"author":[{"embeddable":true,"href":"https:\/\/holosofia.com.br\/index.php?rest_route=\/wp\/v2\/users\/1"}],"replies":[{"embeddable":true,"href":"https:\/\/holosofia.com.br\/index.php?rest_route=%2Fwp%2Fv2%2Fcomments&post=1035"}],"version-history":[{"count":2,"href":"https:\/\/holosofia.com.br\/index.php?rest_route=\/wp\/v2\/pages\/1035\/revisions"}],"predecessor-version":[{"id":1037,"href":"https:\/\/holosofia.com.br\/index.php?rest_route=\/wp\/v2\/pages\/1035\/revisions\/1037"}],"wp:attachment":[{"href":"https:\/\/holosofia.com.br\/index.php?rest_route=%2Fwp%2Fv2%2Fmedia&parent=1035"}],"curies":[{"name":"wp","href":"https:\/\/api.w.org\/{rel}","templated":true}]}}